Last updated on 2025-04-29 01:49:27 CEST.
Flavor | Version | Tinstall | Tcheck | Ttotal | Status | Flags |
---|---|---|---|---|---|---|
r-devel-linux-x86_64-debian-clang | 0.2 | 2.07 | 43.15 | 45.22 | OK | |
r-devel-linux-x86_64-debian-gcc | 0.2 | 1.78 | 33.15 | 34.93 | NOTE | |
r-devel-linux-x86_64-fedora-clang | 0.2 | 72.53 | OK | |||
r-devel-linux-x86_64-fedora-gcc | 0.2 | 92.56 | OK | |||
r-devel-windows-x86_64 | 0.2 | 3.00 | 72.00 | 75.00 | OK | |
r-patched-linux-x86_64 | 0.2 | 2.30 | 42.49 | 44.79 | OK | |
r-release-linux-x86_64 | 0.2 | 2.17 | 42.37 | 44.54 | OK | |
r-release-macos-arm64 | 0.2 | 41.00 | OK | |||
r-release-macos-x86_64 | 0.2 | 65.00 | OK | |||
r-release-windows-x86_64 | 0.2 | 4.00 | 77.00 | 81.00 | OK | |
r-oldrel-macos-arm64 | 0.2 | 32.00 | OK | |||
r-oldrel-macos-x86_64 | 0.2 | 48.00 | OK | |||
r-oldrel-windows-x86_64 | 0.2 | 4.00 | 78.00 | 82.00 | OK |
Version: 0.2
Check: CRAN incoming feasibility
Result: NOTE
Maintainer: ‘Livio Finos <livio.finos@unipd.it>’
No Authors@R field in DESCRIPTION.
Please add one, modifying
Authors@R: c(person(given = "Livio",
family = "Finos",
role = c("aut", "cre"),
email = "livio.finos@unipd.it"),
person(given = "Jelle",
family = "Goeman",
role = "aut"),
person(given = "Wouter",
family = "Weeda",
role = "aut"),
person(given = "Jonathan",
family = "Rosenblatt",
role = "aut"),
person(given = "Aldo",
family = "Solari",
role = "aut"))
as necessary.
Flavor: r-devel-linux-x86_64-debian-gcc