Last updated on 2025-11-03 12:50:07 CET.
| Flavor | Version | Tinstall | Tcheck | Ttotal | Status | Flags | 
|---|---|---|---|---|---|---|
| r-devel-linux-x86_64-debian-clang | 1.8-4 | 2.85 | 61.64 | 64.49 | NOTE | |
| r-devel-linux-x86_64-debian-gcc | 1.8-4 | 2.02 | 48.07 | 50.09 | NOTE | |
| r-devel-linux-x86_64-fedora-clang | 1.8-4 | 95.34 | NOTE | |||
| r-devel-linux-x86_64-fedora-gcc | 1.8-4 | 105.11 | NOTE | |||
| r-devel-windows-x86_64 | 1.8-4 | 6.00 | 108.00 | 114.00 | OK | |
| r-patched-linux-x86_64 | 1.8-4 | 4.17 | 59.49 | 63.66 | NOTE | |
| r-release-linux-x86_64 | 1.8-4 | 1.96 | 59.18 | 61.14 | NOTE | |
| r-release-macos-arm64 | 1.8-4 | 2.00 | 80.00 | 82.00 | OK | |
| r-release-macos-x86_64 | 1.8-4 | 3.00 | 131.00 | 134.00 | OK | |
| r-release-windows-x86_64 | 1.8-4 | 5.00 | 107.00 | 112.00 | OK | |
| r-oldrel-macos-arm64 | 1.8-4 | 2.00 | 43.00 | 45.00 | OK | |
| r-oldrel-macos-x86_64 | 1.8-4 | 6.00 | 147.00 | 153.00 | OK | |
| r-oldrel-windows-x86_64 | 1.8-4 | 6.00 | 122.00 | 128.00 | OK | 
Version: 1.8-4
Check: for non-standard things in the check directory
Result: NOTE
  Found the following files/directories:
    ‘xtable.html’ ‘xtable.tex’
Flavors: r-devel-linux-x86_64-debian-clang, r-devel-linux-x86_64-debian-gcc, r-devel-linux-x86_64-fedora-clang, r-devel-linux-x86_64-fedora-gcc, r-patched-linux-x86_64, r-release-linux-x86_64