Last updated on 2025-11-03 12:50:07 CET.
| Flavor | Version | Tinstall | Tcheck | Ttotal | Status | Flags | 
|---|---|---|---|---|---|---|
| r-devel-linux-x86_64-debian-clang | 1.0.0 | 80.97 | 52.88 | 133.85 | OK | |
| r-devel-linux-x86_64-debian-gcc | 1.0.0 | 70.48 | 45.68 | 116.16 | OK | |
| r-devel-linux-x86_64-fedora-clang | 1.0.0 | 95.00 | 111.62 | 206.62 | OK | |
| r-devel-linux-x86_64-fedora-gcc | 1.0.0 | 144.00 | 119.28 | 263.28 | OK | |
| r-devel-windows-x86_64 | 1.0.0 | 88.00 | 98.00 | 186.00 | OK | |
| r-patched-linux-x86_64 | 1.0.0 | 101.90 | 57.28 | 159.18 | OK | |
| r-release-linux-x86_64 | 1.0.0 | 100.54 | 57.08 | 157.62 | OK | |
| r-release-macos-arm64 | 1.0.0 | 34.00 | 31.00 | 65.00 | OK | |
| r-release-macos-x86_64 | 1.0.0 | 40.00 | 53.00 | 93.00 | OK | |
| r-release-windows-x86_64 | 1.0.0 | 87.00 | 99.00 | 186.00 | OK | |
| r-oldrel-macos-arm64 | 1.0.0 | 37.00 | 33.00 | 70.00 | NOTE | |
| r-oldrel-macos-x86_64 | 1.0.0 | 66.00 | 62.00 | 128.00 | NOTE | |
| r-oldrel-windows-x86_64 | 1.0.0 | 103.00 | 120.00 | 223.00 | OK | 
Version: 1.0.0
Check: installed package size
Result: NOTE
    installed size is 25.2Mb
    sub-directories of 1Mb or more:
      libs  24.7Mb
Flavors: r-oldrel-macos-arm64, r-oldrel-macos-x86_64