Last updated on 2025-07-04 00:50:23 CEST.
Flavor | Version | Tinstall | Tcheck | Ttotal | Status | Flags |
---|---|---|---|---|---|---|
r-devel-linux-x86_64-debian-clang | 0.6.1 | 2.99 | 26.41 | 29.40 | WARN | |
r-devel-linux-x86_64-debian-gcc | 0.9.0 | 2.20 | 22.75 | 24.95 | OK | |
r-devel-linux-x86_64-fedora-clang | 0.9.0 | 52.37 | OK | |||
r-devel-linux-x86_64-fedora-gcc | 0.9.0 | 50.27 | OK | |||
r-devel-windows-x86_64 | 0.9.0 | 6.00 | 50.00 | 56.00 | OK | |
r-patched-linux-x86_64 | 0.6.1 | 2.53 | 24.87 | 27.40 | OK | |
r-release-linux-x86_64 | 0.6.1 | 2.53 | 24.63 | 27.16 | OK | |
r-release-macos-arm64 | 0.6.1 | 22.00 | OK | |||
r-release-macos-x86_64 | 0.9.0 | 55.00 | OK | |||
r-release-windows-x86_64 | 0.6.1 | 5.00 | 48.00 | 53.00 | OK | |
r-oldrel-macos-arm64 | 0.6.1 | 24.00 | NOTE | |||
r-oldrel-macos-x86_64 | 0.9.0 | 53.00 | NOTE | |||
r-oldrel-windows-x86_64 | 0.6.1 | 5.00 | 43.00 | 48.00 | NOTE |
Version: 0.6.1
Check: for code which exercises the package
Result: WARN
No examples, no tests, no vignettes
Flavor: r-devel-linux-x86_64-debian-clang
Version: 0.6.1
Check: installed package size
Result: NOTE
installed size is 10.8Mb
sub-directories of 1Mb or more:
java 10.7Mb
Flavors: r-oldrel-macos-arm64, r-oldrel-windows-x86_64
Version: 0.9.0
Check: installed package size
Result: NOTE
installed size is 11.8Mb
sub-directories of 1Mb or more:
java 11.7Mb
Flavor: r-oldrel-macos-x86_64