Last updated on 2025-11-03 12:50:07 CET.
| Flavor | Version | Tinstall | Tcheck | Ttotal | Status | Flags | 
|---|---|---|---|---|---|---|
| r-devel-linux-x86_64-debian-clang | 1.2-3 | 1.92 | 54.86 | 56.78 | NOTE | |
| r-devel-linux-x86_64-debian-gcc | 1.2-3 | 1.74 | 42.40 | 44.14 | NOTE | |
| r-devel-linux-x86_64-fedora-clang | 1.2-3 | 75.47 | OK | |||
| r-devel-linux-x86_64-fedora-gcc | 1.2-3 | 70.62 | OK | |||
| r-devel-windows-x86_64 | 1.2-3 | 6.00 | 74.00 | 80.00 | OK | |
| r-patched-linux-x86_64 | 1.2-3 | 2.33 | 50.66 | 52.99 | OK | |
| r-release-linux-x86_64 | 1.2-3 | 1.93 | 50.41 | 52.34 | OK | |
| r-release-macos-arm64 | 1.2-3 | 1.00 | 32.00 | 33.00 | OK | |
| r-release-macos-x86_64 | 1.2-3 | 2.00 | 57.00 | 59.00 | OK | |
| r-release-windows-x86_64 | 1.2-3 | 7.00 | 73.00 | 80.00 | OK | |
| r-oldrel-macos-arm64 | 1.2-3 | 1.00 | 35.00 | 36.00 | NOTE | |
| r-oldrel-macos-x86_64 | 1.2-3 | 2.00 | 43.00 | 45.00 | NOTE | |
| r-oldrel-windows-x86_64 | 1.2-3 | 8.00 | 84.00 | 92.00 | NOTE | 
Version: 1.2-3
Check: CRAN incoming feasibility
Result: NOTE
  Maintainer: ‘Hana Sevcikova <hanas@uw.edu>’
  
  No Authors@R field in DESCRIPTION.
  Please add one, modifying
    Authors@R: c(person(given = c("United", "Nations", "Population"),
                        family = "Division",
                        role = "aut"),
                 person(given = "Hana",
                        family = "Sevcikova",
                        role = "cre",
                        email = "hanas@uw.edu"))
  as necessary.
Flavors: r-devel-linux-x86_64-debian-clang, r-devel-linux-x86_64-debian-gcc
Version: 1.2-3
Check: installed package size
Result: NOTE
    installed size is 11.5Mb
    sub-directories of 1Mb or more:
      data  11.4Mb
Flavors: r-oldrel-macos-arm64, r-oldrel-macos-x86_64, r-oldrel-windows-x86_64