Last updated on 2025-11-03 12:50:07 CET.
| Flavor | Version | Tinstall | Tcheck | Ttotal | Status | Flags | 
|---|---|---|---|---|---|---|
| r-devel-linux-x86_64-debian-clang | 0.1.3 | 2.61 | 30.70 | 33.31 | NOTE | |
| r-devel-linux-x86_64-debian-gcc | 0.1.3 | 1.93 | 22.78 | 24.71 | NOTE | |
| r-devel-linux-x86_64-fedora-clang | 0.1.3 | 50.54 | NOTE | |||
| r-devel-linux-x86_64-fedora-gcc | 0.1.3 | 47.64 | NOTE | |||
| r-devel-windows-x86_64 | 0.1.3 | 4.00 | 48.00 | 52.00 | OK | |
| r-patched-linux-x86_64 | 0.1.3 | 2.73 | 28.74 | 31.47 | OK | |
| r-release-linux-x86_64 | 0.1.3 | 2.72 | 28.35 | 31.07 | OK | |
| r-release-macos-arm64 | 0.1.3 | 2.00 | 18.00 | 20.00 | OK | |
| r-release-macos-x86_64 | 0.1.3 | 3.00 | 32.00 | 35.00 | OK | |
| r-release-windows-x86_64 | 0.1.3 | 3.00 | 47.00 | 50.00 | OK | |
| r-oldrel-macos-arm64 | 0.1.3 | 1.00 | 17.00 | 18.00 | NOTE | |
| r-oldrel-macos-x86_64 | 0.1.3 | 2.00 | 25.00 | 27.00 | NOTE | |
| r-oldrel-windows-x86_64 | 0.1.3 | 5.00 | 55.00 | 60.00 | NOTE | 
Version: 0.1.3
Check: CRAN incoming feasibility
Result: NOTE
  Maintainer: ‘Ilana Trumble <ilana.trumble@cuanschutz.edu>’
  
  No Authors@R field in DESCRIPTION.
  Please add one, modifying
    Authors@R: c(person(given = "Ilana",
                        family = "Trumble",
                        role = c("aut", "cre"),
                        email = "ilana.trumble@cuanschutz.edu"),
                 person(given = "Orlando",
                        family = "Ferrer",
                        role = "aut"),
                 person(given = "Camden",
                        family = "Bay",
                        role = "aut"),
                 person(given = "Katie",
                        family = "Mollan",
                        role = "aut"))
  as necessary.
  
  The Description field contains
    <doi:10.1080/10543406.2020.1730866> <arXiv:1901.04597>, (Mann and
  Please refer to arXiv e-prints via their arXiv DOI <doi:10.48550/arXiv.YYMM.NNNNN>.
Flavors: r-devel-linux-x86_64-debian-clang, r-devel-linux-x86_64-debian-gcc
Version: 0.1.3
Check: dependencies in R code
Result: NOTE
  Namespace in Imports field not imported from: ‘MASS’
    All declared Imports should be used.
Flavors: r-devel-linux-x86_64-fedora-clang, r-devel-linux-x86_64-fedora-gcc
Version: 0.1.3
Check: LazyData
Result: NOTE
    'LazyData' is specified without a 'data' directory
Flavors: r-oldrel-macos-arm64, r-oldrel-macos-x86_64, r-oldrel-windows-x86_64