Last updated on 2025-11-03 12:50:07 CET.
| Flavor | Version | Tinstall | Tcheck | Ttotal | Status | Flags | 
|---|---|---|---|---|---|---|
| r-devel-linux-x86_64-debian-clang | 1.0.5 | 3.34 | 30.80 | 34.14 | NOTE | |
| r-devel-linux-x86_64-debian-gcc | 1.0.5 | 2.35 | 23.83 | 26.18 | NOTE | |
| r-devel-linux-x86_64-fedora-clang | 1.0.5 | 53.43 | OK | |||
| r-devel-linux-x86_64-fedora-gcc | 1.0.5 | 48.67 | OK | |||
| r-devel-windows-x86_64 | 1.0.5 | 4.00 | 48.00 | 52.00 | OK | |
| r-patched-linux-x86_64 | 1.0.5 | 3.54 | 29.60 | 33.14 | OK | |
| r-release-linux-x86_64 | 1.0.5 | 3.42 | 29.44 | 32.86 | OK | |
| r-release-macos-arm64 | 1.0.5 | 1.00 | 17.00 | 18.00 | OK | |
| r-release-macos-x86_64 | 1.0.5 | 2.00 | 27.00 | 29.00 | OK | |
| r-release-windows-x86_64 | 1.0.5 | 6.00 | 51.00 | 57.00 | OK | |
| r-oldrel-macos-arm64 | 1.0.5 | 1.00 | 17.00 | 18.00 | OK | |
| r-oldrel-macos-x86_64 | 1.0.5 | 2.00 | 24.00 | 26.00 | OK | |
| r-oldrel-windows-x86_64 | 1.0.5 | 7.00 | 60.00 | 67.00 | OK | 
Version: 1.0.5
Check: CRAN incoming feasibility
Result: NOTE
  Maintainer: ‘Timothy Conwell <timconwell@gmail.com>’
  
  No Authors@R field in DESCRIPTION.
  Please add one, modifying
    Authors@R: person(given = "Timothy",
                      family = "Conwell",
                      role = c("aut", "cre"),
                      email = "timconwell@gmail.com")
  as necessary.
Flavors: r-devel-linux-x86_64-debian-clang, r-devel-linux-x86_64-debian-gcc