Last updated on 2025-11-03 12:50:07 CET.
| Flavor | Version | Tinstall | Tcheck | Ttotal | Status | Flags | 
|---|---|---|---|---|---|---|
| r-devel-linux-x86_64-debian-clang | 2.1 | 6.21 | 47.75 | 53.96 | NOTE | |
| r-devel-linux-x86_64-debian-gcc | 2.1 | 3.94 | 34.96 | 38.90 | NOTE | |
| r-devel-linux-x86_64-fedora-clang | 2.1 | 13.00 | 68.53 | 81.53 | OK | |
| r-devel-linux-x86_64-fedora-gcc | 2.1 | 13.00 | 60.61 | 73.61 | OK | |
| r-devel-windows-x86_64 | 2.1 | 8.00 | 65.00 | 73.00 | OK | |
| r-patched-linux-x86_64 | 2.1 | 5.26 | 43.13 | 48.39 | OK | |
| r-release-linux-x86_64 | 2.1 | 5.58 | 44.41 | 49.99 | OK | |
| r-release-macos-arm64 | 2.1 | 3.00 | 24.00 | 27.00 | OK | |
| r-release-macos-x86_64 | 2.1 | 8.00 | 49.00 | 57.00 | OK | |
| r-release-windows-x86_64 | 2.1 | 8.00 | 64.00 | 72.00 | OK | |
| r-oldrel-macos-arm64 | 2.1 | 3.00 | 26.00 | 29.00 | OK | |
| r-oldrel-macos-x86_64 | 2.1 | 8.00 | 64.00 | 72.00 | OK | |
| r-oldrel-windows-x86_64 | 2.1 | 10.00 | 80.00 | 90.00 | OK | 
Version: 2.1
Check: CRAN incoming feasibility
Result: NOTE
  Maintainer: ‘Deisy Morselli Gysi <deisy.ccnr@gmail.com>’
  
  No Authors@R field in DESCRIPTION.
  Please add one, modifying
    Authors@R: c(person(given = c("Deisy", "Morselli"),
                        family = "Gysi",
                        role = c("aut", "cre"),
                        email = "deisy.ccnr@gmail.com"),
                 person(given = "Andre",
                        family = "Voigt",
                        role = "aut"),
                 person(given = c("Tiago", "Miranda"),
                        family = "Fragoso",
                        role = "aut"),
                 person(given = "Eivind",
                        family = "Almaas",
                        role = "aut"),
                 person(given = "Katja",
                        family = "Nowick.",
                        role = "aut"))
  as necessary.
Flavors: r-devel-linux-x86_64-debian-clang, r-devel-linux-x86_64-debian-gcc