Last updated on 2024-07-18 01:55:47 CEST.
Flavor | Version | Tinstall | Tcheck | Ttotal | Status | Flags |
---|---|---|---|---|---|---|
r-devel-linux-x86_64-debian-clang | 0.2.8 | 3.19 | 39.72 | 42.91 | OK | |
r-devel-linux-x86_64-debian-gcc | 0.2.8 | 2.46 | 31.23 | 33.69 | OK | |
r-devel-linux-x86_64-fedora-clang | 0.2.8 | 53.53 | NOTE | |||
r-devel-linux-x86_64-fedora-gcc | 0.2.8 | 52.55 | NOTE | |||
r-devel-windows-x86_64 | 0.2.8 | 4.00 | 58.00 | 62.00 | OK | |
r-patched-linux-x86_64 | 0.2.8 | 2.83 | 40.41 | 43.24 | OK | |
r-release-linux-x86_64 | 0.2.8 | 2.51 | 40.33 | 42.84 | OK | |
r-release-macos-arm64 | 0.2.8 | 25.00 | OK | |||
r-release-macos-x86_64 | 0.2.8 | 39.00 | OK | |||
r-release-windows-x86_64 | 0.2.8 | 3.00 | 59.00 | 62.00 | OK | |
r-oldrel-macos-arm64 | 0.2.8 | 23.00 | OK | |||
r-oldrel-macos-x86_64 | 0.2.8 | 39.00 | OK | |||
r-oldrel-windows-x86_64 | 0.2.8 | 3.00 | 62.00 | 65.00 | OK |
Version: 0.2.8
Check: dependencies in R code
Result: NOTE
Namespace in Imports field not imported from: ‘MASS’
All declared Imports should be used.
Flavors: r-devel-linux-x86_64-fedora-clang, r-devel-linux-x86_64-fedora-gcc