Last updated on 2025-11-03 12:50:07 CET.
| Flavor | Version | Tinstall | Tcheck | Ttotal | Status | Flags | 
|---|---|---|---|---|---|---|
| r-devel-linux-x86_64-debian-clang | 1.2.4 | 7.34 | 98.24 | 105.58 | OK | |
| r-devel-linux-x86_64-debian-gcc | 1.2.4 | 5.11 | 69.44 | 74.55 | OK | |
| r-devel-linux-x86_64-fedora-clang | 1.2.4 | 18.00 | 143.96 | 161.96 | OK | |
| r-devel-linux-x86_64-fedora-gcc | 1.2.4 | 16.00 | 150.18 | 166.18 | OK | |
| r-devel-windows-x86_64 | 1.2.4 | 10.00 | 101.00 | 111.00 | OK | |
| r-patched-linux-x86_64 | 1.2.4 | 6.33 | 89.89 | 96.22 | OK | |
| r-release-linux-x86_64 | 1.2.4 | 8.10 | 91.43 | 99.53 | OK | |
| r-release-macos-arm64 | 1.2.4 | 3.00 | 48.00 | 51.00 | OK | |
| r-release-macos-x86_64 | 1.2.4 | 6.00 | 99.00 | 105.00 | OK | |
| r-release-windows-x86_64 | 1.2.4 | 11.00 | 101.00 | 112.00 | OK | |
| r-oldrel-macos-arm64 | 1.2.4 | 3.00 | 49.00 | 52.00 | NOTE | |
| r-oldrel-macos-x86_64 | 1.2.4 | 5.00 | 69.00 | 74.00 | NOTE | |
| r-oldrel-windows-x86_64 | 1.2.4 | 12.00 | 127.00 | 139.00 | NOTE | 
Version: 1.2.4
Check: installed package size
Result: NOTE
    installed size is  5.9Mb
    sub-directories of 1Mb or more:
      doc   5.5Mb
Flavors: r-oldrel-macos-arm64, r-oldrel-macos-x86_64, r-oldrel-windows-x86_64