Last updated on 2024-06-14 13:56:35 CEST.
Flavor | Version | Tinstall | Tcheck | Ttotal | Status | Flags |
---|---|---|---|---|---|---|
r-devel-linux-x86_64-debian-clang | 1.2.3 | 16.44 | 173.50 | 189.94 | OK | |
r-devel-linux-x86_64-debian-gcc | 1.2.3 | 10.96 | 133.90 | 144.86 | OK | |
r-devel-linux-x86_64-fedora-clang | 1.2.3 | 192.30 | NOTE | |||
r-devel-linux-x86_64-fedora-gcc | 1.2.3 | 222.17 | NOTE | |||
r-devel-windows-x86_64 | 1.2.3 | 14.00 | 228.00 | 242.00 | OK | |
r-patched-linux-x86_64 | 1.2.3 | 16.92 | 171.21 | 188.13 | OK | |
r-release-linux-x86_64 | 1.2.3 | 12.42 | 168.64 | 181.06 | OK | |
r-release-macos-arm64 | 1.2.3 | 94.00 | OK | |||
r-release-macos-x86_64 | 1.2.3 | 145.00 | OK | |||
r-release-windows-x86_64 | 1.2.3 | 14.00 | 230.00 | 244.00 | OK | |
r-oldrel-macos-arm64 | 1.2.3 | 97.00 | OK | |||
r-oldrel-macos-x86_64 | 1.2.3 | 238.00 | OK | |||
r-oldrel-windows-x86_64 | 1.2.3 | 19.00 | 238.00 | 257.00 | OK |
Version: 1.2.3
Check: compiled code
Result: NOTE
File ‘vdg/libs/vdg.so’:
Found no calls to: ‘R_registerRoutines’, ‘R_useDynamicSymbols’
It is good practice to register native routines and to disable symbol
search.
See ‘Writing portable packages’ in the ‘Writing R Extensions’ manual.
Flavors: r-devel-linux-x86_64-fedora-clang, r-devel-linux-x86_64-fedora-gcc