Last updated on 2025-11-03 12:50:07 CET.
| Flavor | Version | Tinstall | Tcheck | Ttotal | Status | Flags | 
|---|---|---|---|---|---|---|
| r-devel-linux-x86_64-debian-clang | 0.2-1 | 2.84 | 26.01 | 28.85 | NOTE | |
| r-devel-linux-x86_64-debian-gcc | 0.2-1 | 2.03 | 20.72 | 22.75 | NOTE | |
| r-devel-linux-x86_64-fedora-clang | 0.2-1 | 42.82 | OK | |||
| r-devel-linux-x86_64-fedora-gcc | 0.2-1 | 40.30 | OK | |||
| r-devel-windows-x86_64 | 0.2-1 | 4.00 | 49.00 | 53.00 | OK | |
| r-patched-linux-x86_64 | 0.2-1 | 2.97 | 25.17 | 28.14 | OK | |
| r-release-linux-x86_64 | 0.2-1 | 2.52 | 24.99 | 27.51 | OK | |
| r-release-macos-arm64 | 0.2-1 | 1.00 | 15.00 | 16.00 | OK | |
| r-release-macos-x86_64 | 0.2-1 | 2.00 | 26.00 | 28.00 | OK | |
| r-release-windows-x86_64 | 0.2-1 | 5.00 | 47.00 | 52.00 | OK | |
| r-oldrel-macos-arm64 | 0.2-1 | 1.00 | 14.00 | 15.00 | OK | |
| r-oldrel-macos-x86_64 | 0.2-1 | 2.00 | 22.00 | 24.00 | OK | |
| r-oldrel-windows-x86_64 | 0.2-1 | 3.00 | 50.00 | 53.00 | OK | 
Version: 0.2-1
Check: CRAN incoming feasibility
Result: NOTE
  Maintainer: ‘Edzer Pebesma <edzer.pebesma@uni-muenster.de>’
  
  No Authors@R field in DESCRIPTION.
  Please add one, modifying
    Authors@R: c(person(given = "Ernst",
                        family = "Glatzer",
                        role = "aut",
                        email = "ernst.glatzer@wu-wien.ac.at"),
                 person(given = "Edzer",
                        family = "Pebesma",
                        role = "cre",
                        email = "edzer.pebesma@uni-muenster.de"))
  as necessary.
Flavors: r-devel-linux-x86_64-debian-clang, r-devel-linux-x86_64-debian-gcc