Last updated on 2025-11-03 12:50:07 CET.
| Flavor | Version | Tinstall | Tcheck | Ttotal | Status | Flags | 
|---|---|---|---|---|---|---|
| r-devel-linux-x86_64-debian-clang | 0.1.0 | 1.97 | 35.97 | 37.94 | NOTE | |
| r-devel-linux-x86_64-debian-gcc | 0.1.0 | 1.46 | 28.00 | 29.46 | NOTE | |
| r-devel-linux-x86_64-fedora-clang | 0.1.0 | 56.39 | OK | |||
| r-devel-linux-x86_64-fedora-gcc | 0.1.0 | 68.15 | OK | |||
| r-devel-windows-x86_64 | 0.1.0 | 4.00 | 54.00 | 58.00 | OK | |
| r-patched-linux-x86_64 | 0.1.0 | 1.97 | 33.69 | 35.66 | OK | |
| r-release-linux-x86_64 | 0.1.0 | 1.78 | 33.15 | 34.93 | OK | |
| r-release-macos-arm64 | 0.1.0 | 1.00 | 27.00 | 28.00 | OK | |
| r-release-macos-x86_64 | 0.1.0 | 2.00 | 46.00 | 48.00 | OK | |
| r-release-windows-x86_64 | 0.1.0 | 5.00 | 52.00 | 57.00 | OK | |
| r-oldrel-macos-arm64 | 0.1.0 | 1.00 | 24.00 | 25.00 | OK | |
| r-oldrel-macos-x86_64 | 0.1.0 | 2.00 | 38.00 | 40.00 | OK | |
| r-oldrel-windows-x86_64 | 0.1.0 | 5.00 | 64.00 | 69.00 | OK | 
Version: 0.1.0
Check: CRAN incoming feasibility
Result: NOTE
  Maintainer: ‘Ron Sielinski <sielinski@hotmail.com>’
  
  No Authors@R field in DESCRIPTION.
  Please add one, modifying
    Authors@R: person(given = "Ron",
                      family = "Sielinski",
                      role = c("aut", "cre"),
                      email = "sielinski@hotmail.com")
  as necessary.
Flavors: r-devel-linux-x86_64-debian-clang, r-devel-linux-x86_64-debian-gcc