Last updated on 2025-11-03 12:50:07 CET.
| Flavor | Version | Tinstall | Tcheck | Ttotal | Status | Flags |
|---|---|---|---|---|---|---|
| r-devel-linux-x86_64-debian-clang | 2.1.0 | 10.08 | 101.51 | 111.59 | OK | |
| r-devel-linux-x86_64-debian-gcc | 2.1.0 | 7.15 | 68.82 | 75.97 | OK | |
| r-devel-linux-x86_64-fedora-clang | 2.1.0 | 23.00 | 142.55 | 165.55 | NOTE | |
| r-devel-linux-x86_64-fedora-gcc | 2.1.0 | 20.00 | 135.68 | 155.68 | NOTE | |
| r-devel-windows-x86_64 | 2.1.0 | 12.00 | 100.00 | 112.00 | OK | |
| r-patched-linux-x86_64 | 2.1.0 | 7.98 | 90.61 | 98.59 | OK | |
| r-release-linux-x86_64 | 2.1.0 | 8.25 | 92.39 | 100.64 | OK | |
| r-release-macos-arm64 | 2.1.0 | 5.00 | 33.00 | 38.00 | OK | |
| r-release-macos-x86_64 | 2.1.0 | 10.00 | 78.00 | 88.00 | OK | |
| r-release-windows-x86_64 | 2.1.0 | 13.00 | 99.00 | 112.00 | OK | |
| r-oldrel-macos-arm64 | 2.1.0 | 5.00 | 36.00 | 41.00 | OK | |
| r-oldrel-macos-x86_64 | 2.1.0 | 10.00 | 86.00 | 96.00 | OK | |
| r-oldrel-windows-x86_64 | 2.1.0 | 16.00 | 129.00 | 145.00 | OK |
Version: 2.1.0
Check: dependencies in R code
Result: NOTE
Namespace in Imports field not imported from: ‘maps’
All declared Imports should be used.
Flavors: r-devel-linux-x86_64-fedora-clang, r-devel-linux-x86_64-fedora-gcc