Last updated on 2025-11-03 12:50:06 CET.
| Flavor | Version | Tinstall | Tcheck | Ttotal | Status | Flags | 
|---|---|---|---|---|---|---|
| r-devel-linux-x86_64-debian-clang | 1.2 | 6.82 | 53.40 | 60.22 | NOTE | |
| r-devel-linux-x86_64-debian-gcc | 1.2 | 5.12 | 40.31 | 45.43 | NOTE | |
| r-devel-linux-x86_64-fedora-clang | 1.2 | 12.00 | 77.77 | 89.77 | OK | |
| r-devel-linux-x86_64-fedora-gcc | 1.2 | 14.00 | 75.95 | 89.95 | OK | |
| r-devel-windows-x86_64 | 1.2 | 8.00 | 62.00 | 70.00 | OK | |
| r-patched-linux-x86_64 | 1.2 | 6.50 | 50.89 | 57.39 | OK | |
| r-release-linux-x86_64 | 1.2 | 6.60 | 51.72 | 58.32 | OK | |
| r-release-macos-arm64 | 1.2 | 4.00 | 29.00 | 33.00 | OK | |
| r-release-macos-x86_64 | 1.2 | 6.00 | 53.00 | 59.00 | OK | |
| r-release-windows-x86_64 | 1.2 | 9.00 | 61.00 | 70.00 | OK | |
| r-oldrel-macos-arm64 | 1.2 | 3.00 | 25.00 | 28.00 | OK | |
| r-oldrel-macos-x86_64 | 1.2 | 5.00 | 40.00 | 45.00 | OK | |
| r-oldrel-windows-x86_64 | 1.2 | 10.00 | 81.00 | 91.00 | OK | 
Version: 1.2
Check: CRAN incoming feasibility
Result: NOTE
  Maintainer: ‘Yunro Chung <yunro.chung@asu.edu>’
  
  No Authors@R field in DESCRIPTION.
  Please add one, modifying
    Authors@R: person(given = "Yunro",
                      family = "Chung",
                      role = c("aut", "cre"),
                      email = "yunro.chung@asu.edu")
  as necessary.
Flavors: r-devel-linux-x86_64-debian-clang, r-devel-linux-x86_64-debian-gcc