Last updated on 2025-11-03 12:50:06 CET.
| Flavor | Version | Tinstall | Tcheck | Ttotal | Status | Flags | 
|---|---|---|---|---|---|---|
| r-devel-linux-x86_64-debian-clang | 1.0.0 | 43.25 | 24.74 | 67.99 | OK | |
| r-devel-linux-x86_64-debian-gcc | 1.0.0 | 36.80 | 22.67 | 59.47 | OK | |
| r-devel-linux-x86_64-fedora-clang | 1.0.0 | 76.00 | 37.58 | 113.58 | OK | |
| r-devel-linux-x86_64-fedora-gcc | 1.0.0 | 94.00 | 38.90 | 132.90 | OK | |
| r-devel-windows-x86_64 | 1.0.0 | 49.00 | 66.00 | 115.00 | OK | |
| r-patched-linux-x86_64 | 1.0.0 | 50.48 | 27.32 | 77.80 | OK | |
| r-release-linux-x86_64 | 1.0.0 | 50.86 | 27.54 | 78.40 | OK | |
| r-release-macos-arm64 | 1.0.0 | 19.00 | 18.00 | 37.00 | OK | |
| r-release-macos-x86_64 | 1.0.0 | 30.00 | 25.00 | 55.00 | OK | |
| r-release-windows-x86_64 | 1.0.0 | 45.00 | 64.00 | 109.00 | OK | |
| r-oldrel-macos-arm64 | 1.0.0 | 21.00 | 17.00 | 38.00 | NOTE | |
| r-oldrel-macos-x86_64 | 1.0.0 | 38.00 | 35.00 | 73.00 | NOTE | |
| r-oldrel-windows-x86_64 | 1.0.0 | 60.00 | 78.00 | 138.00 | OK | 
Version: 1.0.0
Check: installed package size
Result: NOTE
    installed size is 19.2Mb
    sub-directories of 1Mb or more:
      libs  19.1Mb
Flavors: r-oldrel-macos-arm64, r-oldrel-macos-x86_64