Last updated on 2024-06-14 13:56:35 CEST.
Flavor | Version | Tinstall | Tcheck | Ttotal | Status | Flags |
---|---|---|---|---|---|---|
r-devel-linux-x86_64-debian-clang | 1.3.3 | 7.41 | 103.91 | 111.32 | OK | |
r-devel-linux-x86_64-debian-gcc | 1.3.3 | 5.43 | 78.73 | 84.16 | OK | |
r-devel-linux-x86_64-fedora-clang | 1.3.3 | 148.09 | NOTE | |||
r-devel-linux-x86_64-fedora-gcc | 1.3.3 | 149.05 | OK | |||
r-devel-windows-x86_64 | 1.3.3 | 8.00 | 107.00 | 115.00 | OK | |
r-patched-linux-x86_64 | 1.3.3 | 9.00 | 101.34 | 110.34 | OK | |
r-release-linux-x86_64 | 1.3.3 | 7.75 | 100.55 | 108.30 | OK | |
r-release-macos-arm64 | 1.3.3 | 48.00 | OK | |||
r-release-macos-x86_64 | 1.3.3 | 74.00 | OK | |||
r-release-windows-x86_64 | 1.3.3 | 9.00 | 111.00 | 120.00 | OK | |
r-oldrel-macos-arm64 | 1.3.3 | 52.00 | OK | |||
r-oldrel-macos-x86_64 | 1.3.3 | 103.00 | OK | |||
r-oldrel-windows-x86_64 | 1.3.3 | 11.00 | 123.00 | 134.00 | OK |
Version: 1.3.3
Check: Rd cross-references
Result: NOTE
Undeclared package ‘rlang’ in Rd xrefs
Flavor: r-devel-linux-x86_64-fedora-clang