Last updated on 2025-11-03 12:50:06 CET.
| Flavor | Version | Tinstall | Tcheck | Ttotal | Status | Flags | 
|---|---|---|---|---|---|---|
| r-devel-linux-x86_64-debian-clang | 1.1.0 | 8.74 | 72.55 | 81.29 | NOTE | |
| r-devel-linux-x86_64-debian-gcc | 1.1.0 | 6.16 | 51.51 | 57.67 | NOTE | |
| r-devel-linux-x86_64-fedora-clang | 1.1.0 | 19.00 | 107.23 | 126.23 | NOTE | |
| r-devel-linux-x86_64-fedora-gcc | 1.1.0 | 16.00 | 115.28 | 131.28 | NOTE | |
| r-devel-windows-x86_64 | 1.1.0 | 10.00 | 83.00 | 93.00 | NOTE | |
| r-patched-linux-x86_64 | 1.1.0 | 7.65 | 66.80 | 74.45 | NOTE | |
| r-release-linux-x86_64 | 1.1.0 | 6.85 | 65.82 | 72.67 | NOTE | |
| r-release-macos-arm64 | 1.1.0 | 3.00 | 38.00 | 41.00 | NOTE | |
| r-release-macos-x86_64 | 1.1.0 | 5.00 | 65.00 | 70.00 | NOTE | |
| r-release-windows-x86_64 | 1.1.0 | 10.00 | 82.00 | 92.00 | NOTE | |
| r-oldrel-macos-arm64 | 1.1.0 | 3.00 | 34.00 | 37.00 | NOTE | |
| r-oldrel-macos-x86_64 | 1.1.0 | 8.00 | 54.00 | 62.00 | NOTE | |
| r-oldrel-windows-x86_64 | 1.1.0 | 14.00 | 102.00 | 116.00 | NOTE | 
Version: 1.1.0
Check: CRAN incoming feasibility
Result: NOTE
  Maintainer: ‘Donna Coffman <dcoffman@temple.edu>’
  
  Package CITATION file contains call(s) to old-style personList() or
  as.personList().  Please use c() on person objects instead.
  Package CITATION file contains call(s) to old-style citEntry().  Please
  use bibentry() instead.
Flavors: r-devel-linux-x86_64-debian-clang, r-devel-linux-x86_64-debian-gcc
Version: 1.1.0
Check: Rd files
Result: NOTE
  checkRd: (-1) estBootCIs.Rd:27: Lost braces
      27 | {boot.se}{bootstrapped standard error for the estimated mediation effect}
         |          ^
  checkRd: (-1) estBootCIs.Rd:29: Lost braces; missing escapes or markup?
      29 | {CI.upper}{percentile bootstrapped CI upper limit for the estimated mediation effect}
         | ^
  checkRd: (-1) estBootCIs.Rd:29: Lost braces
      29 | {CI.upper}{percentile bootstrapped CI upper limit for the estimated mediation effect}
         |           ^
  checkRd: (-1) estBootCIs.Rd:31: Lost braces; missing escapes or markup?
      31 | {CI.lower}{percentile bootstrapped CI lower limit for the estimated mediation effect}
         | ^
  checkRd: (-1) estBootCIs.Rd:31: Lost braces
      31 | {CI.lower}{percentile bootstrapped CI lower limit for the estimated mediation effect}
         |           ^
  checkRd: (-1) tvma.Rd:89: Lost braces in \enumerate; meant \describe ?
  checkRd: (-1) tvma.Rd:90: Lost braces in \enumerate; meant \describe ?
  checkRd: (-1) tvma.Rd:91: Lost braces in \enumerate; meant \describe ?
  checkRd: (-1) tvma.Rd:92: Lost braces in \enumerate; meant \describe ?
  checkRd: (-1) tvma.Rd:93: Lost braces in \enumerate; meant \describe ?
  checkRd: (-1) tvma.Rd:94: Lost braces in \enumerate; meant \describe ?
  checkRd: (-1) tvma_3trt.Rd:116: Lost braces in \enumerate; meant \describe ?
  checkRd: (-1) tvma_3trt.Rd:117: Lost braces in \enumerate; meant \describe ?
  checkRd: (-1) tvma_3trt.Rd:118: Lost braces in \enumerate; meant \describe ?
  checkRd: (-1) tvma_3trt.Rd:119: Lost braces in \enumerate; meant \describe ?
  checkRd: (-1) tvma_3trt.Rd:120: Lost braces in \enumerate; meant \describe ?
  checkRd: (-1) tvma_3trt.Rd:121: Lost braces in \enumerate; meant \describe ?
  checkRd: (-1) tvma_3trt.Rd:122: Lost braces in \enumerate; meant \describe ?
  checkRd: (-1) tvma_3trt.Rd:123: Lost braces in \enumerate; meant \describe ?
  checkRd: (-1) tvma_3trt.Rd:124: Lost braces in \enumerate; meant \describe ?
  checkRd: (-1) tvma_3trt.Rd:125: Lost braces in \enumerate; meant \describe ?
  checkRd: (-1) tvma_3trt.Rd:126: Lost braces in \enumerate; meant \describe ?
  checkRd: (-1) tvmb.Rd:84: Lost braces in \enumerate; meant \describe ?
  checkRd: (-1) tvmb.Rd:85: Lost braces in \enumerate; meant \describe ?
  checkRd: (-1) tvmb.Rd:86: Lost braces in \enumerate; meant \describe ?
  checkRd: (-1) tvmb.Rd:87: Lost braces in \enumerate; meant \describe ?
  checkRd: (-1) tvmb.Rd:88: Lost braces in \enumerate; meant \describe ?
  checkRd: (-1) tvmb.Rd:89: Lost braces in \enumerate; meant \describe ?
  checkRd: (-1) tvmb.Rd:90: Lost braces in \enumerate; meant \describe ?
Flavors: r-devel-linux-x86_64-debian-clang, r-devel-linux-x86_64-debian-gcc, r-devel-linux-x86_64-fedora-clang, r-devel-linux-x86_64-fedora-gcc, r-devel-windows-x86_64, r-patched-linux-x86_64, r-release-linux-x86_64, r-release-macos-arm64, r-release-macos-x86_64, r-release-windows-x86_64, r-oldrel-macos-arm64, r-oldrel-macos-x86_64, r-oldrel-windows-x86_64