Last updated on 2024-06-14 13:56:35 CEST.
Flavor | Version | Tinstall | Tcheck | Ttotal | Status | Flags |
---|---|---|---|---|---|---|
r-devel-linux-x86_64-debian-clang | 1.2.1 | 29.49 | 188.63 | 218.12 | OK | |
r-devel-linux-x86_64-debian-gcc | 1.2.1 | 21.49 | 135.96 | 157.45 | OK | |
r-devel-linux-x86_64-fedora-clang | 1.2.1 | 274.42 | NOTE | |||
r-devel-linux-x86_64-fedora-gcc | 1.2.1 | 258.68 | OK | |||
r-devel-windows-x86_64 | 1.2.1 | 22.00 | 144.00 | 166.00 | OK | |
r-patched-linux-x86_64 | 1.2.1 | 19.82 | 179.94 | 199.76 | OK | |
r-release-linux-x86_64 | 1.2.1 | 17.23 | 173.52 | 190.75 | OK | |
r-release-macos-arm64 | 1.2.1 | 67.00 | OK | |||
r-release-macos-x86_64 | 1.2.1 | 108.00 | OK | |||
r-release-windows-x86_64 | 1.2.1 | 22.00 | 155.00 | 177.00 | OK | |
r-oldrel-macos-arm64 | 1.2.1 | 73.00 | OK | |||
r-oldrel-macos-x86_64 | 1.2.1 | 156.00 | OK | |||
r-oldrel-windows-x86_64 | 1.2.1 | 30.00 | 182.00 | 212.00 | OK |
Version: 1.2.1
Check: package dependencies
Result: NOTE
Imports includes 24 non-default packages.
Importing from so many packages makes the package vulnerable to any of
them becoming unavailable. Move as many as possible to Suggests and
use conditionally.
Flavor: r-devel-linux-x86_64-fedora-clang