Last updated on 2025-11-03 12:50:06 CET.
| Flavor | Version | Tinstall | Tcheck | Ttotal | Status | Flags | 
|---|---|---|---|---|---|---|
| r-devel-linux-x86_64-debian-clang | 0.1-13.1 | 4.48 | 25.47 | 29.95 | NOTE | |
| r-devel-linux-x86_64-debian-gcc | 0.1-13.1 | 3.30 | 20.69 | 23.99 | NOTE | |
| r-devel-linux-x86_64-fedora-clang | 0.1-13.1 | 45.10 | NOTE | |||
| r-devel-linux-x86_64-fedora-gcc | 0.1-13.1 | 10.00 | 33.23 | 43.23 | NOTE | |
| r-devel-windows-x86_64 | 0.1-13.1 | 9.00 | 49.00 | 58.00 | OK | |
| r-patched-linux-x86_64 | 0.1-13.1 | 4.23 | 24.51 | 28.74 | OK | |
| r-release-linux-x86_64 | 0.1-13.1 | 3.82 | 24.41 | 28.23 | OK | |
| r-release-macos-arm64 | 0.1-13.1 | 3.00 | 17.00 | 20.00 | OK | |
| r-release-macos-x86_64 | 0.1-13.1 | 4.00 | 26.00 | 30.00 | OK | |
| r-release-windows-x86_64 | 0.1-13.1 | 10.00 | 48.00 | 58.00 | OK | |
| r-oldrel-macos-arm64 | 0.1-13.1 | 3.00 | 17.00 | 20.00 | OK | |
| r-oldrel-macos-x86_64 | 0.1-13.1 | 4.00 | 22.00 | 26.00 | OK | |
| r-oldrel-windows-x86_64 | 0.1-13.1 | 13.00 | 45.00 | 58.00 | OK | 
Version: 0.1-13.1
Check: CRAN incoming feasibility
Result: NOTE
  Maintainer: ‘Antonio Fabio Di Narzo <antonio.fabio@gmail.com>’
  
  No Authors@R field in DESCRIPTION.
  Please add one, modifying
    Authors@R: c(person(family = "Antonio",
                        role = c("aut", "cre"),
                        email = "antonio.fabio@gmail.com"),
                 person(given = c("Fabio", "Di"),
                        family = "Narzo",
                        role = "aut"))
  as necessary.
Flavors: r-devel-linux-x86_64-debian-clang, r-devel-linux-x86_64-debian-gcc
Version: 0.1-13.1
Check: compiled code
Result: NOTE
  File ‘tseriesChaos/libs/tseriesChaos.so’:
    Found no calls to: ‘R_registerRoutines’, ‘R_useDynamicSymbols’
  
  It is good practice to register native routines and to disable symbol
  search.
  
  See ‘Writing portable packages’ in the ‘Writing R Extensions’ manual.
Flavors: r-devel-linux-x86_64-fedora-clang, r-devel-linux-x86_64-fedora-gcc