Last updated on 2025-11-03 12:50:06 CET.
| Flavor | Version | Tinstall | Tcheck | Ttotal | Status | Flags | 
|---|---|---|---|---|---|---|
| r-devel-linux-x86_64-debian-clang | 1.0.1 | 6.77 | 63.35 | 70.12 | NOTE | |
| r-devel-linux-x86_64-debian-gcc | 1.0.1 | 4.97 | 47.56 | 52.53 | NOTE | |
| r-devel-linux-x86_64-fedora-clang | 1.0.1 | 15.00 | 93.68 | 108.68 | OK | |
| r-devel-linux-x86_64-fedora-gcc | 1.0.1 | 15.00 | 87.52 | 102.52 | OK | |
| r-devel-windows-x86_64 | 1.0.1 | 8.00 | 74.00 | 82.00 | OK | |
| r-patched-linux-x86_64 | 1.0.1 | 6.71 | 60.69 | 67.40 | OK | |
| r-release-linux-x86_64 | 1.0.1 | 7.01 | 60.07 | 67.08 | OK | |
| r-release-macos-arm64 | 1.0.1 | 4.00 | 34.00 | 38.00 | OK | |
| r-release-macos-x86_64 | 1.0.1 | 8.00 | 62.00 | 70.00 | OK | |
| r-release-windows-x86_64 | 1.0.1 | 8.00 | 74.00 | 82.00 | OK | |
| r-oldrel-macos-arm64 | 1.0.1 | 4.00 | 31.00 | 35.00 | OK | |
| r-oldrel-macos-x86_64 | 1.0.1 | 5.00 | 48.00 | 53.00 | OK | |
| r-oldrel-windows-x86_64 | 1.0.1 | 10.00 | 93.00 | 103.00 | OK | 
Version: 1.0.1
Check: CRAN incoming feasibility
Result: NOTE
  Maintainer: ‘Yuyao Wang <yuw079@ucsd.edu>’
  
  The Description field contains
    dependent left truncation" <arXiv:2208.06836>.
  Please refer to arXiv e-prints via their arXiv DOI <doi:10.48550/arXiv.YYMM.NNNNN>.
Flavors: r-devel-linux-x86_64-debian-clang, r-devel-linux-x86_64-debian-gcc