Last updated on 2024-07-18 01:55:46 CEST.
Flavor | Version | Tinstall | Tcheck | Ttotal | Status | Flags |
---|---|---|---|---|---|---|
r-devel-linux-x86_64-debian-clang | 1.0.0 | 8.70 | 72.62 | 81.32 | NOTE | |
r-devel-linux-x86_64-debian-gcc | 1.0.0 | 6.83 | 54.52 | 61.35 | NOTE | |
r-devel-linux-x86_64-fedora-clang | 1.0.0 | 108.42 | NOTE | |||
r-devel-linux-x86_64-fedora-gcc | 1.0.0 | 96.58 | NOTE | |||
r-devel-windows-x86_64 | 1.0.0 | 8.00 | 78.00 | 86.00 | NOTE | |
r-patched-linux-x86_64 | 1.0.0 | 7.21 | 69.87 | 77.08 | NOTE | |
r-release-linux-x86_64 | 1.0.0 | 7.97 | 71.37 | 79.34 | NOTE | |
r-release-macos-arm64 | 1.0.0 | 32.00 | NOTE | |||
r-release-macos-x86_64 | 1.0.0 | 49.00 | NOTE | |||
r-release-windows-x86_64 | 1.0.0 | 9.00 | 79.00 | 88.00 | NOTE | |
r-oldrel-macos-arm64 | 1.0.0 | 35.00 | NOTE | |||
r-oldrel-macos-x86_64 | 1.0.0 | 67.00 | NOTE | |||
r-oldrel-windows-x86_64 | 1.0.0 | 11.00 | 89.00 | 100.00 | NOTE |
Version: 1.0.0
Check: package dependencies
Result: NOTE
Packages suggested but not available for checking: 'rrelaxiv', 'gurobi'
Flavors: r-devel-linux-x86_64-debian-clang, r-devel-linux-x86_64-debian-gcc, r-devel-linux-x86_64-fedora-clang, r-devel-linux-x86_64-fedora-gcc, r-devel-windows-x86_64, r-patched-linux-x86_64, r-release-linux-x86_64, r-release-macos-arm64, r-release-macos-x86_64, r-release-windows-x86_64, r-oldrel-macos-arm64, r-oldrel-macos-x86_64, r-oldrel-windows-x86_64