CRAN Package Check Results for Package tremendousr

Last updated on 2025-11-03 12:50:06 CET.

Flavor Version Tinstall Tcheck Ttotal Status Flags
r-devel-linux-x86_64-debian-clang 1.0.0 2.80 28.06 30.86 OK
r-devel-linux-x86_64-debian-gcc 1.0.0 1.81 23.14 24.95 OK
r-devel-linux-x86_64-fedora-clang 1.0.0 45.76 NOTE
r-devel-linux-x86_64-fedora-gcc 1.0.0 57.37 NOTE
r-devel-windows-x86_64 1.0.0 4.00 46.00 50.00 OK
r-patched-linux-x86_64 1.0.0 2.30 25.41 27.71 OK
r-release-linux-x86_64 1.0.0 2.60 25.66 28.26 OK
r-release-macos-arm64 1.0.0 1.00 25.00 26.00 OK
r-release-macos-x86_64 1.0.0 3.00 44.00 47.00 OK
r-release-windows-x86_64 1.0.0 4.00 46.00 50.00 OK
r-oldrel-macos-arm64 1.0.0 1.00 21.00 22.00 OK
r-oldrel-macos-x86_64 1.0.0 2.00 37.00 39.00 OK
r-oldrel-windows-x86_64 1.0.0 6.00 53.00 59.00 OK

Check Details

Version: 1.0.0
Check: dependencies in R code
Result: NOTE Namespace in Imports field not imported from: ‘crul’ All declared Imports should be used. Flavors: r-devel-linux-x86_64-fedora-clang, r-devel-linux-x86_64-fedora-gcc