Last updated on 2025-11-03 12:50:06 CET.
| Flavor | Version | Tinstall | Tcheck | Ttotal | Status | Flags | 
|---|---|---|---|---|---|---|
| r-devel-linux-x86_64-debian-clang | 0.6.6 | 16.19 | 59.35 | 75.54 | NOTE | |
| r-devel-linux-x86_64-debian-gcc | 0.6.6 | 9.86 | 40.64 | 50.50 | NOTE | |
| r-devel-linux-x86_64-fedora-clang | 0.6.6 | 31.00 | 81.06 | 112.06 | OK | |
| r-devel-linux-x86_64-fedora-gcc | 0.6.6 | 32.00 | 73.69 | 105.69 | OK | |
| r-devel-windows-x86_64 | 0.6.6 | 17.00 | 77.00 | 94.00 | OK | |
| r-patched-linux-x86_64 | 0.6.6 | 13.91 | 55.32 | 69.23 | OK | |
| r-release-linux-x86_64 | 0.6.6 | 13.25 | 55.12 | 68.37 | OK | |
| r-release-macos-arm64 | 0.6.6 | 8.00 | 33.00 | 41.00 | OK | |
| r-release-macos-x86_64 | 0.6.6 | 15.00 | 51.00 | 66.00 | OK | |
| r-release-windows-x86_64 | 0.6.6 | 17.00 | 75.00 | 92.00 | OK | |
| r-oldrel-macos-arm64 | 0.6.6 | 8.00 | 25.00 | 33.00 | NOTE | |
| r-oldrel-macos-x86_64 | 0.6.6 | 11.00 | 39.00 | 50.00 | NOTE | |
| r-oldrel-windows-x86_64 | 0.6.6 | 23.00 | 90.00 | 113.00 | OK | 
Version: 0.6.6
Check: CRAN incoming feasibility
Result: NOTE
  Maintainer: ‘Guanglai Li <liguanglai@gmail.com>’
  
  No Authors@R field in DESCRIPTION.
  Please add one, modifying
    Authors@R: person(given = "Guanglai",
                      family = "Li",
                      role = c("aut", "cre"),
                      email = "liguanglai@gmail.com")
  as necessary.
Flavors: r-devel-linux-x86_64-debian-clang, r-devel-linux-x86_64-debian-gcc
Version: 0.6.6
Check: installed package size
Result: NOTE
    installed size is  5.6Mb
    sub-directories of 1Mb or more:
      data   5.2Mb
Flavors: r-oldrel-macos-arm64, r-oldrel-macos-x86_64