Last updated on 2025-11-03 12:50:06 CET.
| Flavor | Version | Tinstall | Tcheck | Ttotal | Status | Flags | 
|---|---|---|---|---|---|---|
| r-devel-linux-x86_64-debian-clang | 3.0.16 | 9.15 | 82.62 | 91.77 | NOTE | |
| r-devel-linux-x86_64-debian-gcc | 3.0.16 | 7.58 | 58.98 | 66.56 | NOTE | |
| r-devel-linux-x86_64-fedora-clang | 3.0.16 | 24.00 | 115.65 | 139.65 | OK | |
| r-devel-linux-x86_64-fedora-gcc | 3.0.16 | 25.00 | 112.35 | 137.35 | OK | |
| r-devel-windows-x86_64 | 3.0.16 | 11.00 | 100.00 | 111.00 | OK | |
| r-patched-linux-x86_64 | 3.0.16 | 10.66 | 78.20 | 88.86 | OK | |
| r-release-linux-x86_64 | 3.0.16 | 9.29 | 78.20 | 87.49 | OK | |
| r-release-macos-arm64 | 3.0.16 | 5.00 | 41.00 | 46.00 | OK | |
| r-release-macos-x86_64 | 3.0.16 | 10.00 | 68.00 | 78.00 | OK | |
| r-release-windows-x86_64 | 3.0.16 | 11.00 | 98.00 | 109.00 | OK | |
| r-oldrel-macos-arm64 | 3.0.16 | 5.00 | 38.00 | 43.00 | OK | |
| r-oldrel-macos-x86_64 | 3.0.16 | 7.00 | 54.00 | 61.00 | OK | |
| r-oldrel-windows-x86_64 | 3.0.16 | 15.00 | 117.00 | 132.00 | OK | 
Version: 3.0.16
Check: CRAN incoming feasibility
Result: NOTE
  Maintainer: ‘Tore Opsahl <tore@opsahl.co.uk>’
  
  No Authors@R field in DESCRIPTION.
  Please add one, modifying
    Authors@R: person(given = "Tore",
                      family = "Opsahl",
                      role = c("aut", "cre"),
                      email = "tore@opsahl.co.uk")
  as necessary.
  
  Package CITATION file contains call(s) to old-style personList() or
  as.personList().  Please use c() on person objects instead.
  Package CITATION file contains call(s) to old-style citEntry().  Please
  use bibentry() instead.
Flavors: r-devel-linux-x86_64-debian-clang, r-devel-linux-x86_64-debian-gcc