Last updated on 2024-08-17 02:48:29 CEST.
Flavor | Version | Tinstall | Tcheck | Ttotal | Status | Flags |
---|---|---|---|---|---|---|
r-devel-linux-x86_64-debian-clang | 2.0.5 | 38.24 | 121.02 | 159.26 | NOTE | |
r-devel-linux-x86_64-debian-gcc | 2.0.5 | 26.59 | 83.36 | 109.95 | NOTE | |
r-devel-linux-x86_64-fedora-clang | 2.0.5 | 254.90 | OK | |||
r-devel-linux-x86_64-fedora-gcc | 2.0.5 | 278.32 | OK | |||
r-devel-windows-x86_64 | 2.0.5 | 47.00 | 134.00 | 181.00 | NOTE | |
r-patched-linux-x86_64 | 2.0.5 | 39.41 | 117.16 | 156.57 | OK | |
r-release-linux-x86_64 | 2.0.5 | 39.57 | 117.65 | 157.22 | OK | |
r-release-macos-arm64 | 2.0.5 | 71.00 | OK | |||
r-release-macos-x86_64 | 2.0.5 | 103.00 | OK | |||
r-release-windows-x86_64 | 2.0.5 | 48.00 | 137.00 | 185.00 | OK | |
r-oldrel-macos-arm64 | 2.0.5 | 81.00 | OK | |||
r-oldrel-macos-x86_64 | 2.0.5 | 137.00 | OK | |||
r-oldrel-windows-x86_64 | 2.0.5 | 60.00 | 165.00 | 225.00 | OK |
Version: 2.0.5
Check: Rd cross-references
Result: NOTE
Found the following Rd file(s) with Rd \link{} targets missing package
anchors:
comp.risk.Rd: Surv
res.mean.Rd: Surv
Please provide package anchors for all Rd \link{} targets not in the
package itself and the base packages.
Flavors: r-devel-linux-x86_64-debian-clang, r-devel-linux-x86_64-debian-gcc, r-devel-windows-x86_64