Last updated on 2025-11-03 12:50:06 CET.
| Flavor | Version | Tinstall | Tcheck | Ttotal | Status | Flags | 
|---|---|---|---|---|---|---|
| r-devel-linux-x86_64-debian-clang | 1.0.10 | 96.52 | 56.77 | 153.29 | OK | |
| r-devel-linux-x86_64-debian-gcc | 1.0.10 | 70.67 | 42.91 | 113.58 | OK | |
| r-devel-linux-x86_64-fedora-clang | 1.0.10 | 161.00 | 127.87 | 288.87 | OK | |
| r-devel-linux-x86_64-fedora-gcc | 1.0.10 | 199.00 | 99.24 | 298.24 | OK | |
| r-devel-windows-x86_64 | 1.0.10 | 131.00 | 99.00 | 230.00 | OK | |
| r-patched-linux-x86_64 | 1.0.10 | 103.96 | 53.17 | 157.13 | OK | |
| r-release-linux-x86_64 | 1.0.10 | 102.54 | 52.67 | 155.21 | OK | |
| r-release-macos-arm64 | 1.0.10 | 39.00 | 47.00 | 86.00 | OK | |
| r-release-macos-x86_64 | 1.0.10 | 41.00 | 93.00 | 134.00 | OK | |
| r-release-windows-x86_64 | 1.0.10 | 132.00 | 97.00 | 229.00 | OK | |
| r-oldrel-macos-arm64 | 1.0.10 | 43.00 | 37.00 | 80.00 | NOTE | |
| r-oldrel-macos-x86_64 | 1.0.10 | 31.00 | 53.00 | 84.00 | NOTE | |
| r-oldrel-windows-x86_64 | 1.0.10 | 155.00 | 117.00 | 272.00 | OK | 
Version: 1.0.10
Check: installed package size
Result: NOTE
    installed size is  9.6Mb
    sub-directories of 1Mb or more:
      libs   8.6Mb
Flavors: r-oldrel-macos-arm64, r-oldrel-macos-x86_64