CRAN Package Check Results for Package tgamtheme

Last updated on 2025-07-04 00:50:21 CEST.

Flavor Version Tinstall Tcheck Ttotal Status Flags
r-devel-linux-x86_64-debian-clang 0.1.0 1.64 23.46 25.10 OK
r-devel-linux-x86_64-debian-gcc 0.1.0 1.40 18.74 20.14 OK
r-devel-linux-x86_64-fedora-clang 0.1.0 36.10 OK
r-devel-linux-x86_64-fedora-gcc 0.1.0 35.13 OK
r-devel-windows-x86_64 0.1.0 3.00 43.00 46.00 OK
r-patched-linux-x86_64 0.1.0 1.75 21.07 22.82 OK
r-release-linux-x86_64 0.1.0 1.64 21.05 22.69 OK
r-release-macos-arm64 0.1.0 31.00 OK
r-release-macos-x86_64 0.1.0 30.00 OK
r-release-windows-x86_64 0.1.0 3.00 45.00 48.00 OK
r-oldrel-macos-arm64 0.1.0 16.00 NOTE
r-oldrel-macos-x86_64 0.1.0 23.00 NOTE
r-oldrel-windows-x86_64 0.1.0 4.00 49.00 53.00 NOTE

Check Details

Version: 0.1.0
Check: LazyData
Result: NOTE 'LazyData' is specified without a 'data' directory Flavors: r-oldrel-macos-arm64, r-oldrel-macos-x86_64, r-oldrel-windows-x86_64