Last updated on 2025-07-04 00:50:21 CEST.
Flavor | Version | Tinstall | Tcheck | Ttotal | Status | Flags |
---|---|---|---|---|---|---|
r-devel-linux-x86_64-debian-clang | 0.1.3 | 12.61 | 135.53 | 148.14 | NOTE | |
r-devel-linux-x86_64-debian-gcc | 0.1.3 | 7.98 | 94.48 | 102.46 | NOTE | |
r-devel-linux-x86_64-fedora-clang | 0.1.3 | 239.45 | NOTE | |||
r-devel-linux-x86_64-fedora-gcc | 0.1.3 | 229.82 | NOTE | |||
r-devel-windows-x86_64 | 0.1.3 | 14.00 | 135.00 | 149.00 | NOTE | |
r-patched-linux-x86_64 | 0.1.3 | 12.71 | 130.14 | 142.85 | NOTE | |
r-release-linux-x86_64 | 0.1.3 | 10.23 | 130.58 | 140.81 | NOTE | |
r-release-macos-arm64 | 0.1.3 | 57.00 | NOTE | |||
r-release-macos-x86_64 | 0.1.3 | 140.00 | NOTE | |||
r-release-windows-x86_64 | 0.1.3 | 14.00 | 135.00 | 149.00 | NOTE | |
r-oldrel-macos-arm64 | 0.1.3 | 61.00 | OK | |||
r-oldrel-macos-x86_64 | 0.1.3 | 135.00 | OK | |||
r-oldrel-windows-x86_64 | 0.1.3 | 18.00 | 179.00 | 197.00 | OK |
Version: 0.1.3
Check: DESCRIPTION meta-information
Result: NOTE
Missing dependency on R >= 4.1.0 because package code uses the pipe
|> or function shorthand \(...) syntax added in R 4.1.0.
File(s) using such syntax:
‘mock_tbl.R’
Flavors: r-devel-linux-x86_64-debian-clang, r-devel-linux-x86_64-debian-gcc, r-devel-linux-x86_64-fedora-clang, r-devel-linux-x86_64-fedora-gcc, r-devel-windows-x86_64, r-patched-linux-x86_64, r-release-linux-x86_64, r-release-macos-arm64, r-release-macos-x86_64, r-release-windows-x86_64