Last updated on 2025-11-03 12:50:06 CET.
| Flavor | Version | Tinstall | Tcheck | Ttotal | Status | Flags | 
|---|---|---|---|---|---|---|
| r-devel-linux-x86_64-debian-clang | 0.4.1 | 8.24 | 72.59 | 80.83 | OK | |
| r-devel-linux-x86_64-debian-gcc | 0.4.1 | 5.87 | 55.40 | 61.27 | OK | |
| r-devel-linux-x86_64-fedora-clang | 0.4.1 | 17.00 | 108.70 | 125.70 | OK | |
| r-devel-linux-x86_64-fedora-gcc | 0.4.1 | 34.00 | 106.36 | 140.36 | OK | |
| r-devel-windows-x86_64 | 0.4.1 | 10.00 | 84.00 | 94.00 | OK | |
| r-patched-linux-x86_64 | 0.4.1 | 7.61 | 69.52 | 77.13 | OK | |
| r-release-linux-x86_64 | 0.4.1 | 7.99 | 70.02 | 78.01 | OK | |
| r-release-macos-arm64 | 0.4.1 | 4.00 | 51.00 | 55.00 | OK | |
| r-release-macos-x86_64 | 0.4.1 | 6.00 | 79.00 | 85.00 | OK | |
| r-release-windows-x86_64 | 0.4.1 | 10.00 | 82.00 | 92.00 | OK | |
| r-oldrel-macos-arm64 | 0.4.1 | 4.00 | 41.00 | 45.00 | NOTE | |
| r-oldrel-macos-x86_64 | 0.4.1 | 6.00 | 62.00 | 68.00 | NOTE | |
| r-oldrel-windows-x86_64 | 0.4.1 | 12.00 | 103.00 | 115.00 | NOTE | 
Version: 0.4.1
Check: LazyData
Result: NOTE
    'LazyData' is specified without a 'data' directory
Flavors: r-oldrel-macos-arm64, r-oldrel-macos-x86_64, r-oldrel-windows-x86_64