Last updated on 2024-06-14 13:56:34 CEST.
Flavor | Version | Tinstall | Tcheck | Ttotal | Status | Flags |
---|---|---|---|---|---|---|
r-devel-linux-x86_64-debian-clang | 1.7.5 | 4.44 | 40.88 | 45.32 | OK | |
r-devel-linux-x86_64-debian-gcc | 1.7.5 | 3.56 | 31.67 | 35.23 | OK | |
r-devel-linux-x86_64-fedora-clang | 1.7.5 | 59.44 | NOTE | |||
r-devel-linux-x86_64-fedora-gcc | 1.7.5 | 55.35 | OK | |||
r-devel-windows-x86_64 | 1.7.5 | 5.00 | 58.00 | 63.00 | OK | |
r-patched-linux-x86_64 | 1.7.5 | 4.81 | 40.57 | 45.38 | OK | |
r-release-linux-x86_64 | 1.7.5 | 3.81 | 39.46 | 43.27 | OK | |
r-release-macos-arm64 | 1.7.5 | 20.00 | OK | |||
r-release-macos-x86_64 | 1.7.5 | 30.00 | OK | |||
r-release-windows-x86_64 | 1.7.5 | 5.00 | 60.00 | 65.00 | OK | |
r-oldrel-macos-arm64 | 1.7.5 | 38.00 | OK | |||
r-oldrel-macos-x86_64 | 1.7.5 | 72.00 | OK | |||
r-oldrel-windows-x86_64 | 1.7.5 | 5.00 | 62.00 | 67.00 | OK |
Version: 1.7.5
Check: Rd cross-references
Result: NOTE
Undeclared package ‘tm’ in Rd xrefs
Flavor: r-devel-linux-x86_64-fedora-clang