Last updated on 2025-07-04 00:50:20 CEST.
Flavor | Version | Tinstall | Tcheck | Ttotal | Status | Flags |
---|---|---|---|---|---|---|
r-devel-linux-x86_64-debian-clang | 1.3.11 | 109.95 | 182.95 | 292.90 | NOTE | |
r-devel-linux-x86_64-debian-gcc | 1.3.11 | 73.67 | 127.23 | 200.90 | NOTE | |
r-devel-linux-x86_64-fedora-clang | 1.3.11 | 490.83 | OK | |||
r-devel-linux-x86_64-fedora-gcc | 1.3.11 | 467.70 | OK | |||
r-devel-windows-x86_64 | 1.3.11 | 114.00 | 207.00 | 321.00 | NOTE | |
r-patched-linux-x86_64 | 1.3.11 | 111.56 | 173.27 | 284.83 | NOTE | |
r-release-linux-x86_64 | 1.3.11 | 103.49 | 171.16 | 274.65 | NOTE | |
r-release-macos-arm64 | 1.3.11 | 119.00 | OK | |||
r-release-macos-x86_64 | 1.3.11 | 203.00 | OK | |||
r-release-windows-x86_64 | 1.3.11 | 120.00 | 214.00 | 334.00 | NOTE | |
r-oldrel-macos-arm64 | 1.3.11 | 118.00 | NOTE | |||
r-oldrel-macos-x86_64 | 1.3.11 | 163.00 | NOTE | |||
r-oldrel-windows-x86_64 | 1.3.11 | 144.00 | 260.00 | 404.00 | OK |
Version: 1.3.11
Check: Rd cross-references
Result: NOTE
Found the following Rd file(s) with Rd \link{} targets missing package
anchors:
stability.Rd: VAR
Please provide package anchors for all Rd \link{} targets not in the
package itself and the base packages.
Flavors: r-devel-linux-x86_64-debian-clang, r-devel-linux-x86_64-debian-gcc, r-devel-windows-x86_64, r-patched-linux-x86_64, r-release-linux-x86_64, r-release-windows-x86_64
Version: 1.3.11
Check: installed package size
Result: NOTE
installed size is 8.6Mb
sub-directories of 1Mb or more:
help 1.0Mb
libs 6.9Mb
Flavors: r-oldrel-macos-arm64, r-oldrel-macos-x86_64