Last updated on 2025-11-03 12:50:05 CET.
| Flavor | Version | Tinstall | Tcheck | Ttotal | Status | Flags | 
|---|---|---|---|---|---|---|
| r-devel-linux-x86_64-debian-clang | 1.5 | 1.84 | 19.21 | 21.05 | NOTE | |
| r-devel-linux-x86_64-debian-gcc | 1.5 | 1.41 | 15.78 | 17.19 | NOTE | |
| r-devel-linux-x86_64-fedora-clang | 1.5 | 31.02 | OK | |||
| r-devel-linux-x86_64-fedora-gcc | 1.5 | 29.65 | OK | |||
| r-devel-windows-x86_64 | 1.5 | 3.00 | 38.00 | 41.00 | OK | |
| r-patched-linux-x86_64 | 1.5 | 1.67 | 18.55 | 20.22 | OK | |
| r-release-linux-x86_64 | 1.5 | 1.68 | 18.44 | 20.12 | OK | |
| r-release-macos-arm64 | 1.5 | 1.00 | 14.00 | 15.00 | OK | |
| r-release-macos-x86_64 | 1.5 | 2.00 | 20.00 | 22.00 | OK | |
| r-release-windows-x86_64 | 1.5 | 2.00 | 38.00 | 40.00 | OK | |
| r-oldrel-macos-arm64 | 1.5 | 1.00 | 18.00 | 19.00 | OK | |
| r-oldrel-macos-x86_64 | 1.5 | 1.00 | 18.00 | 19.00 | OK | |
| r-oldrel-windows-x86_64 | 1.5 | 3.00 | 38.00 | 41.00 | OK | 
Version: 1.5
Check: CRAN incoming feasibility
Result: NOTE
  Maintainer: ‘Tomas Johannesson <tj@vedur.is>’
  
  No Authors@R field in DESCRIPTION.
  Please add one, modifying
    Authors@R: c(person(given = c("Tomas", "Johannesson", "&", "Halldor"),
                        family = "Bjornsson",
                        role = "aut"),
                 person(given = c("Icelandic", "Met.", "Office;", "Gabor"),
                        family = "Grothendieck",
                        role = "aut"),
                 person(given = "Tomas",
                        family = "Johannesson",
                        role = "cre",
                        email = "tj@vedur.is"))
  as necessary.
Flavors: r-devel-linux-x86_64-debian-clang, r-devel-linux-x86_64-debian-gcc