Last updated on 2025-07-04 00:50:20 CEST.
Flavor | Version | Tinstall | Tcheck | Ttotal | Status | Flags |
---|---|---|---|---|---|---|
r-devel-linux-x86_64-debian-clang | 0.9.6 | 6.82 | 138.08 | 144.90 | NOTE | |
r-devel-linux-x86_64-debian-gcc | 0.9.6 | 4.45 | 95.79 | 100.24 | NOTE | |
r-devel-linux-x86_64-fedora-clang | 0.9.6 | 212.35 | NOTE | |||
r-devel-linux-x86_64-fedora-gcc | 0.9.6 | 218.08 | NOTE | |||
r-devel-windows-x86_64 | 0.9.6 | 8.00 | 160.00 | 168.00 | NOTE | |
r-patched-linux-x86_64 | 0.9.6 | 9.58 | 129.81 | 139.39 | NOTE | |
r-release-linux-x86_64 | 0.9.6 | 6.13 | 129.54 | 135.67 | NOTE | |
r-release-macos-arm64 | 0.9.6 | 78.00 | NOTE | |||
r-release-macos-x86_64 | 0.9.6 | 159.00 | NOTE | |||
r-release-windows-x86_64 | 0.9.6 | 11.00 | 160.00 | 171.00 | NOTE | |
r-oldrel-macos-arm64 | 0.9.6 | 62.00 | NOTE | |||
r-oldrel-macos-x86_64 | 0.9.6 | 106.00 | NOTE | |||
r-oldrel-windows-x86_64 | 0.9.6 | 10.00 | 185.00 | 195.00 | NOTE |
Version: 0.9.6
Check: Rd files
Result: NOTE
checkRd: (-1) docker_config_collection.Rd:11: Lost braces; missing escapes or markup?
11 | \Sexpr[results=rd,stage=render]{stevedore:::generate_help("config")}
| ^
checkRd: (-1) docker_container.Rd:13: Lost braces
13 | \Sexpr[results=rd,stage=render]{stevedore:::generate_help("docker_container")}
| ^
checkRd: (-1) docker_image_collection.Rd:11: Lost braces
11 | \Sexpr[results=rd,stage=render]{stevedore:::generate_help("image")}
| ^
checkRd: (-1) docker_plugin_collection.Rd:11: Lost braces
11 | \Sexpr[results=rd,stage=render]{stevedore:::generate_help("plugin")}
| ^
checkRd: (-1) docker_service_collection.Rd:11: Lost braces
11 | \Sexpr[results=rd,stage=render]{stevedore:::generate_help("service")}
| ^
checkRd: (-1) docker_task.Rd:13: Lost braces
13 | \Sexpr[results=rd,stage=render]{stevedore:::generate_help("docker_task")}
| ^
Flavors: r-devel-linux-x86_64-debian-clang, r-devel-linux-x86_64-debian-gcc, r-devel-linux-x86_64-fedora-clang, r-devel-linux-x86_64-fedora-gcc, r-devel-windows-x86_64, r-patched-linux-x86_64, r-release-linux-x86_64, r-release-macos-arm64, r-release-macos-x86_64, r-release-windows-x86_64, r-oldrel-macos-arm64, r-oldrel-macos-x86_64, r-oldrel-windows-x86_64