Last updated on 2025-11-03 12:50:05 CET.
| Flavor | Version | Tinstall | Tcheck | Ttotal | Status | Flags | 
|---|---|---|---|---|---|---|
| r-devel-linux-x86_64-debian-clang | 1.0.12 | 76.27 | 195.75 | 272.02 | OK | |
| r-devel-linux-x86_64-debian-gcc | 1.0.12 | 48.61 | 136.66 | 185.27 | OK | |
| r-devel-linux-x86_64-fedora-clang | 1.0.12 | 198.00 | 247.87 | 445.87 | OK | |
| r-devel-linux-x86_64-fedora-gcc | 1.0.12 | 140.00 | 285.54 | 425.54 | OK | |
| r-devel-windows-x86_64 | 1.0.12 | 83.00 | 206.00 | 289.00 | OK | |
| r-patched-linux-x86_64 | 1.0.12 | 75.23 | 202.49 | 277.72 | OK | |
| r-release-linux-x86_64 | 1.0.12 | 74.13 | 195.75 | 269.88 | OK | |
| r-release-macos-arm64 | 1.0.12 | 30.00 | 96.00 | 126.00 | OK | |
| r-release-macos-x86_64 | 1.0.12 | 40.00 | 198.00 | 238.00 | OK | |
| r-release-windows-x86_64 | 1.0.12 | 81.00 | 197.00 | 278.00 | OK | |
| r-oldrel-macos-arm64 | 1.0.12 | 30.00 | 102.00 | 132.00 | NOTE | |
| r-oldrel-macos-x86_64 | 1.0.12 | 44.00 | 187.00 | 231.00 | NOTE | |
| r-oldrel-windows-x86_64 | 1.0.12 | 99.00 | 297.00 | 396.00 | NOTE | 
Version: 1.0.12
Check: installed package size
Result: NOTE
    installed size is  9.8Mb
    sub-directories of 1Mb or more:
      data   3.6Mb
      libs   5.1Mb
Flavors: r-oldrel-macos-arm64, r-oldrel-macos-x86_64, r-oldrel-windows-x86_64