Last updated on 2024-06-14 13:56:33 CEST.
Flavor | Version | Tinstall | Tcheck | Ttotal | Status | Flags |
---|---|---|---|---|---|---|
r-devel-linux-x86_64-debian-clang | 0.5.0 | 133.40 | 133.66 | 267.06 | OK | |
r-devel-linux-x86_64-debian-gcc | 0.5.0 | 87.42 | 122.61 | 210.03 | OK | |
r-devel-linux-x86_64-fedora-clang | 0.5.0 | 351.02 | OK | |||
r-devel-linux-x86_64-fedora-gcc | 0.5.0 | 405.71 | OK | |||
r-devel-windows-x86_64 | 0.5.0 | 92.00 | 156.00 | 248.00 | OK | |
r-patched-linux-x86_64 | 0.5.0 | 107.90 | 149.19 | 257.09 | OK | |
r-release-linux-x86_64 | 0.5.0 | 112.01 | 149.15 | 261.16 | OK | |
r-release-macos-arm64 | 0.5.0 | 97.00 | NOTE | |||
r-release-macos-x86_64 | 0.5.0 | 125.00 | NOTE | |||
r-release-windows-x86_64 | 0.5.0 | 95.00 | 156.00 | 251.00 | OK | |
r-oldrel-macos-arm64 | 0.5.0 | 111.00 | NOTE | |||
r-oldrel-macos-x86_64 | 0.5.0 | 181.00 | NOTE | |||
r-oldrel-windows-x86_64 | 0.5.0 | 118.00 | 180.00 | 298.00 | OK |
Version: 0.5.0
Check: installed package size
Result: NOTE
installed size is 6.8Mb
sub-directories of 1Mb or more:
libs 6.0Mb
Flavors: r-release-macos-arm64, r-release-macos-x86_64, r-oldrel-macos-arm64, r-oldrel-macos-x86_64