Last updated on 2024-07-18 01:55:44 CEST.
Flavor | Version | Tinstall | Tcheck | Ttotal | Status | Flags |
---|---|---|---|---|---|---|
r-devel-linux-x86_64-debian-clang | 1.1.10 | 12.50 | 106.88 | 119.38 | NOTE | |
r-devel-linux-x86_64-debian-gcc | 1.1.10 | 10.62 | 79.77 | 90.39 | NOTE | |
r-devel-linux-x86_64-fedora-clang | 1.1.10 | 149.95 | NOTE | |||
r-devel-linux-x86_64-fedora-gcc | 1.1.10 | 139.70 | NOTE | |||
r-devel-windows-x86_64 | 1.1.10 | 14.00 | 94.00 | 108.00 | NOTE | |
r-patched-linux-x86_64 | 1.1.10 | 15.35 | 104.08 | 119.43 | NOTE | |
r-release-linux-x86_64 | 1.1.10 | 10.36 | 105.33 | 115.69 | NOTE | |
r-release-macos-arm64 | 1.1.10 | 43.00 | NOTE | |||
r-release-macos-x86_64 | 1.1.10 | 63.00 | NOTE | |||
r-release-windows-x86_64 | 1.1.10 | 13.00 | 96.00 | 109.00 | NOTE | |
r-oldrel-macos-arm64 | 1.1.10 | 44.00 | NOTE | |||
r-oldrel-macos-x86_64 | 1.1.10 | 76.00 | NOTE | |||
r-oldrel-windows-x86_64 | 1.1.10 | 16.00 | 113.00 | 129.00 | NOTE |
Version: 1.1.10
Check: Rd files
Result: NOTE
checkRd: (-1) multiCUMSUM.Rd:33: Escaped LaTeX specials: \&
Flavors: r-devel-linux-x86_64-debian-clang, r-devel-linux-x86_64-debian-gcc, r-devel-linux-x86_64-fedora-clang, r-devel-linux-x86_64-fedora-gcc, r-devel-windows-x86_64, r-patched-linux-x86_64, r-release-linux-x86_64, r-release-macos-arm64, r-release-macos-x86_64, r-release-windows-x86_64, r-oldrel-macos-arm64, r-oldrel-macos-x86_64, r-oldrel-windows-x86_64