Last updated on 2025-11-03 12:50:05 CET.
| Flavor | Version | Tinstall | Tcheck | Ttotal | Status | Flags | 
|---|---|---|---|---|---|---|
| r-devel-linux-x86_64-debian-clang | 1.0.9 | 2.43 | 27.21 | 29.64 | NOTE | |
| r-devel-linux-x86_64-debian-gcc | 1.0.9 | 1.83 | 21.24 | 23.07 | NOTE | |
| r-devel-linux-x86_64-fedora-clang | 1.0.9 | 43.14 | OK | |||
| r-devel-linux-x86_64-fedora-gcc | 1.0.9 | 12.00 | 31.79 | 43.79 | OK | |
| r-devel-windows-x86_64 | 1.0.9 | 3.00 | 46.00 | 49.00 | OK | |
| r-patched-linux-x86_64 | 1.0.9 | 3.02 | 25.76 | 28.78 | OK | |
| r-release-linux-x86_64 | 1.0.9 | 2.17 | 25.30 | 27.47 | OK | |
| r-release-macos-arm64 | 1.0.9 | 1.00 | 16.00 | 17.00 | OK | |
| r-release-macos-x86_64 | 1.0.9 | 2.00 | 27.00 | 29.00 | OK | |
| r-release-windows-x86_64 | 1.0.9 | 3.00 | 47.00 | 50.00 | OK | |
| r-oldrel-macos-arm64 | 1.0.9 | 1.00 | 16.00 | 17.00 | OK | |
| r-oldrel-macos-x86_64 | 1.0.9 | 2.00 | 25.00 | 27.00 | OK | |
| r-oldrel-windows-x86_64 | 1.0.9 | 4.00 | 48.00 | 52.00 | OK | 
Version: 1.0.9
Check: CRAN incoming feasibility
Result: NOTE
  Maintainer: ‘Aron C. Eklund <aroneklund@gmail.com>’
  
  No Authors@R field in DESCRIPTION.
  Please add one, modifying
    Authors@R: person(given = c("Aron", "C."),
                      family = "Eklund",
                      role = c("aut", "cre"),
                      email = "aroneklund@gmail.com")
  as necessary.
Flavors: r-devel-linux-x86_64-debian-clang, r-devel-linux-x86_64-debian-gcc