Last updated on 2025-07-04 00:50:19 CEST.
Flavor | Version | Tinstall | Tcheck | Ttotal | Status | Flags |
---|---|---|---|---|---|---|
r-devel-linux-x86_64-debian-clang | 0.5.4 | 30.29 | 50.09 | 80.38 | OK | |
r-devel-linux-x86_64-debian-gcc | 0.5.4 | 22.20 | 39.10 | 61.30 | OK | |
r-devel-linux-x86_64-fedora-clang | 0.5.4 | 129.29 | OK | |||
r-devel-linux-x86_64-fedora-gcc | 0.5.4 | 139.56 | OK | |||
r-devel-windows-x86_64 | 0.5.4 | 36.00 | 96.00 | 132.00 | OK | |
r-patched-linux-x86_64 | 0.5.4 | 29.61 | 46.76 | 76.37 | OK | |
r-release-linux-x86_64 | 0.5.4 | 28.74 | 46.45 | 75.19 | OK | |
r-release-macos-arm64 | 0.5.4 | 54.00 | OK | |||
r-release-macos-x86_64 | 0.5.4 | 73.00 | OK | |||
r-release-windows-x86_64 | 0.5.4 | 36.00 | 91.00 | 127.00 | OK | |
r-oldrel-macos-arm64 | 0.5.4 | 87.00 | NOTE | |||
r-oldrel-macos-x86_64 | 0.5.4 | 145.00 | NOTE | |||
r-oldrel-windows-x86_64 | 0.5.4 | 41.00 | 101.00 | 142.00 | OK |
Version: 0.5.4
Check: installed package size
Result: NOTE
installed size is 5.1Mb
sub-directories of 1Mb or more:
doc 1.2Mb
libs 3.4Mb
Flavors: r-oldrel-macos-arm64, r-oldrel-macos-x86_64