Last updated on 2024-06-14 00:54:00 CEST.
Flavor | Version | Tinstall | Tcheck | Ttotal | Status | Flags |
---|---|---|---|---|---|---|
r-devel-linux-x86_64-debian-clang | 0.2.1 | 6.38 | 130.57 | 136.95 | OK | |
r-devel-linux-x86_64-debian-gcc | 0.2.1 | 0.87 | 1.77 | 2.64 | ERROR | |
r-devel-linux-x86_64-fedora-clang | 0.2.1 | 172.27 | OK | |||
r-devel-linux-x86_64-fedora-gcc | 0.2.1 | 177.00 | OK | |||
r-devel-windows-x86_64 | 0.2.1 | 5.00 | 104.00 | 109.00 | OK | |
r-patched-linux-x86_64 | 0.2.1 | 6.01 | 127.25 | 133.26 | OK | |
r-release-linux-x86_64 | 0.2.1 | 3.34 | 126.21 | 129.55 | OK | |
r-release-macos-arm64 | 0.2.1 | 48.00 | OK | |||
r-release-macos-x86_64 | 0.2.1 | 81.00 | OK | |||
r-release-windows-x86_64 | 0.2.1 | 7.00 | 102.00 | 109.00 | OK | |
r-oldrel-macos-arm64 | 0.2.1 | 54.00 | OK | |||
r-oldrel-macos-x86_64 | 0.2.1 | 114.00 | OK | |||
r-oldrel-windows-x86_64 | 0.2.1 | 7.00 | 116.00 | 123.00 | OK |
Version: 0.2.1
Check: package dependencies
Result: ERROR
Packages required but not available: 'ggplot2', 'readxl', 'cowplot'
Packages suggested but not available for checking:
'testthat', 'vdiffr', 'ggborderline'
See section ‘The DESCRIPTION file’ in the ‘Writing R Extensions’
manual.
Flavor: r-devel-linux-x86_64-debian-gcc