Last updated on 2025-11-03 12:50:05 CET.
| Flavor | Version | Tinstall | Tcheck | Ttotal | Status | Flags | 
|---|---|---|---|---|---|---|
| r-devel-linux-x86_64-debian-clang | 0.2.5 | 24.96 | 24.43 | 49.39 | NOTE | |
| r-devel-linux-x86_64-debian-gcc | 0.2.5 | 17.02 | 20.32 | 37.34 | NOTE | |
| r-devel-linux-x86_64-fedora-clang | 0.2.5 | 74.00 | 22.65 | 96.65 | OK | |
| r-devel-linux-x86_64-fedora-gcc | 0.2.5 | 67.00 | 15.31 | 82.31 | OK | |
| r-devel-windows-x86_64 | 0.2.5 | 31.00 | 64.00 | 95.00 | OK | |
| r-patched-linux-x86_64 | 0.2.5 | 23.56 | 23.50 | 47.06 | OK | |
| r-release-linux-x86_64 | 0.2.5 | 25.05 | 23.18 | 48.23 | OK | |
| r-release-macos-arm64 | 0.2.5 | 11.00 | 15.00 | 26.00 | OK | |
| r-release-macos-x86_64 | 0.2.5 | 12.00 | 26.00 | 38.00 | OK | |
| r-release-windows-x86_64 | 0.2.5 | 32.00 | 58.00 | 90.00 | OK | |
| r-oldrel-macos-arm64 | 0.2.5 | 13.00 | 21.00 | 34.00 | OK | |
| r-oldrel-macos-x86_64 | 0.2.5 | 11.00 | 22.00 | 33.00 | OK | |
| r-oldrel-windows-x86_64 | 0.2.5 | 40.00 | 73.00 | 113.00 | OK | 
Version: 0.2.5
Check: CRAN incoming feasibility
Result: NOTE
  Maintainer: ‘Bob Rudis <bob@rud.is>’
  
  No Authors@R field in DESCRIPTION.
  Please add one, modifying
    Authors@R: c(person(given = "Bob",
                        family = "Rudis",
                        role = c("aut", "cre"),
                        email = "bob@rud.is",
                        comment = "bob@rud.is"),
                 person(family = "SEOmoz"),
                 person(family = "Inc",
                        role = "aut"))
  as necessary.
Flavors: r-devel-linux-x86_64-debian-clang, r-devel-linux-x86_64-debian-gcc