Last updated on 2024-06-14 13:56:33 CEST.
Flavor | Version | Tinstall | Tcheck | Ttotal | Status | Flags |
---|---|---|---|---|---|---|
r-devel-linux-x86_64-debian-clang | 3.0-8 | 10.27 | 191.76 | 202.03 | NOTE | |
r-devel-linux-x86_64-debian-gcc | 3.0-8 | 5.98 | 149.51 | 155.49 | NOTE | |
r-devel-linux-x86_64-fedora-clang | 3.0-8 | 257.11 | NOTE | |||
r-devel-linux-x86_64-fedora-gcc | 3.0-8 | 260.32 | NOTE | |||
r-devel-windows-x86_64 | 3.0-8 | 9.00 | 222.00 | 231.00 | NOTE | |
r-patched-linux-x86_64 | 3.0-8 | 9.70 | 192.16 | 201.86 | NOTE | |
r-release-linux-x86_64 | 3.0-8 | 7.02 | 189.37 | 196.39 | NOTE | |
r-release-macos-arm64 | 3.0-8 | 87.00 | NOTE | |||
r-release-macos-x86_64 | 3.0-8 | 138.00 | NOTE | |||
r-release-windows-x86_64 | 3.0-8 | 11.00 | 220.00 | 231.00 | NOTE | |
r-oldrel-macos-arm64 | 3.0-8 | 106.00 | NOTE | |||
r-oldrel-macos-x86_64 | 3.0-8 | 319.00 | NOTE | |||
r-oldrel-windows-x86_64 | 3.0-8 | 12.00 | 225.00 | 237.00 | NOTE |
Version: 3.0-8
Check: package dependencies
Result: NOTE
Depends: includes the non-default packages:
'spatstat.data', 'spatstat.geom', 'spatstat.random',
'spatstat.explore', 'spatstat.model', 'spatstat.linnet'
Adding so many packages to the search path is excessive and importing
selectively is preferable.
Flavors: r-devel-linux-x86_64-debian-clang, r-devel-linux-x86_64-debian-gcc, r-devel-linux-x86_64-fedora-clang, r-devel-linux-x86_64-fedora-gcc, r-devel-windows-x86_64, r-patched-linux-x86_64, r-release-linux-x86_64, r-release-macos-arm64, r-release-macos-x86_64, r-release-windows-x86_64, r-oldrel-macos-arm64, r-oldrel-macos-x86_64, r-oldrel-windows-x86_64
Version: 3.0-8
Check: installed package size
Result: NOTE
installed size is 5.5Mb
sub-directories of 1Mb or more:
doc 4.8Mb
Flavors: r-devel-linux-x86_64-fedora-clang, r-devel-windows-x86_64, r-release-macos-arm64, r-release-macos-x86_64, r-release-windows-x86_64, r-oldrel-macos-arm64, r-oldrel-macos-x86_64, r-oldrel-windows-x86_64