Last updated on 2025-11-03 12:50:04 CET.
| Flavor | Version | Tinstall | Tcheck | Ttotal | Status | Flags | 
|---|---|---|---|---|---|---|
| r-devel-linux-x86_64-debian-clang | 0.2.1 | 2.66 | 67.56 | 70.22 | ERROR | |
| r-devel-linux-x86_64-debian-gcc | 0.2.1 | 2.15 | 48.69 | 50.84 | ERROR | |
| r-devel-linux-x86_64-fedora-clang | 0.2.1 | 109.18 | ERROR | |||
| r-devel-linux-x86_64-fedora-gcc | 0.2.1 | 103.96 | ERROR | |||
| r-devel-windows-x86_64 | 0.2.1 | 5.00 | 81.00 | 86.00 | ERROR | |
| r-patched-linux-x86_64 | 0.2.1 | 2.91 | 64.74 | 67.65 | ERROR | |
| r-release-linux-x86_64 | 0.2.1 | 2.49 | 64.61 | 67.10 | ERROR | |
| r-release-macos-arm64 | 0.2.1 | 2.00 | 31.00 | 33.00 | OK | |
| r-release-macos-x86_64 | 0.2.1 | 2.00 | 67.00 | 69.00 | OK | |
| r-release-windows-x86_64 | 0.2.1 | 5.00 | 80.00 | 85.00 | ERROR | |
| r-oldrel-macos-arm64 | 0.2.1 | 2.00 | 31.00 | 33.00 | OK | |
| r-oldrel-macos-x86_64 | 0.2.1 | 2.00 | 45.00 | 47.00 | OK | |
| r-oldrel-windows-x86_64 | 0.2.1 | 7.00 | 102.00 | 109.00 | ERROR | 
Version: 0.2.1
Check: tests
Result: ERROR
    Running ‘testthat.R’ [22s/32s]
  Running the tests in ‘tests/testthat.R’ failed.
  Complete output:
    > library(testthat)
    > library(spacejamr)
    > 
    > test_check("spacejamr")
        Density Mean Degree Mean Closeness Mean Betweenness Largest Component Size
    pl        0           0            NaN                0                      1
    apl       0           0            NaN                0                      1
        Density Mean Degree Mean Closeness Mean Betweenness Largest Component Size
    pl        0           0            NaN                0                      1
    apl       0           0            NaN                0                      1
    window: polygonal boundary
    enclosing rectangle: [257656.9, 323005.8] x [4558224, 4654702] units
    PointSim Object
    
    window: polygonal boundary
    enclosing rectangle: [257656.9, 323005.8] x [4558224, 4654702] units
    
    Points:3IGRAPH 1fb4864 UN-- 3 0 -- 
    + attr: name (v/c)
    + edges from 1fb4864 (vertex names):
    IGRAPH 1fb4864 UN-- 3 0 -- 
    + attr: name (v/c)
    + edges from 1fb4864 (vertex names):
    Using the projected CRS WGS 84 / UTM zone 19N which uses 'm' for measurement units. Please visit https://spatialreference.org/ref/epsg/32619/ for more information about this CRS.
    [ FAIL 3 | WARN 3 | SKIP 0 | PASS 20 ]
    
    ══ Failed tests ════════════════════════════════════════════════════════════════
    ── Failure ('test-generics.R:11:5'): we can plot objects created with the spacejamr package ──
    class(plot(RI)) (`actual`) not identical to c("gg", "ggplot") (`expected`).
    
    `actual`:        "ggplot2::ggplot" "ggplot" "ggplot2::gg" "S7_object" "gg"    
    `expected[2:2]`:                                                      "ggplot"
    ── Failure ('test-generics.R:14:5'): we can plot objects created with the spacejamr package ──
    class(plot(ri_points)) (`actual`) not identical to c("gg", "ggplot") (`expected`).
    
    `actual`:        "ggplot2::ggplot" "ggplot" "ggplot2::gg" "S7_object" "gg"    
    `expected[2:2]`:                                                      "ggplot"
    ── Failure ('test-generics.R:17:5'): we can plot objects created with the spacejamr package ──
    class(plot(pl)) (`actual`) not identical to c("ggraph", "gg", "ggplot") (`expected`).
    
        actual            | expected    
    [1] "ggraph"          - "gg"     [2]
    [2] "ggplot2::ggplot" -             
    [3] "ggplot"          -             
    [4] "ggplot2::gg"     -             
    [5] "S7_object"       -             
    [6] "gg"              - "ggplot" [3]
    
    [ FAIL 3 | WARN 3 | SKIP 0 | PASS 20 ]
    Error: Test failures
    Execution halted
Flavor: r-devel-linux-x86_64-debian-clang
Version: 0.2.1
Check: tests
Result: ERROR
    Running ‘testthat.R’ [15s/19s]
  Running the tests in ‘tests/testthat.R’ failed.
  Complete output:
    > library(testthat)
    > library(spacejamr)
    > 
    > test_check("spacejamr")
        Density Mean Degree Mean Closeness Mean Betweenness Largest Component Size
    pl        0           0            NaN                0                      1
    apl       0           0            NaN                0                      1
        Density Mean Degree Mean Closeness Mean Betweenness Largest Component Size
    pl        0           0            NaN                0                      1
    apl       0           0            NaN                0                      1
    window: polygonal boundary
    enclosing rectangle: [257656.9, 323005.8] x [4558224, 4654702] units
    PointSim Object
    
    window: polygonal boundary
    enclosing rectangle: [257656.9, 323005.8] x [4558224, 4654702] units
    
    Points:3IGRAPH b8c55f6 UN-- 3 0 -- 
    + attr: name (v/c)
    + edges from b8c55f6 (vertex names):
    IGRAPH b8c55f6 UN-- 3 0 -- 
    + attr: name (v/c)
    + edges from b8c55f6 (vertex names):
    Using the projected CRS WGS 84 / UTM zone 19N which uses 'm' for measurement units. Please visit https://spatialreference.org/ref/epsg/32619/ for more information about this CRS.
    [ FAIL 3 | WARN 3 | SKIP 0 | PASS 20 ]
    
    ══ Failed tests ════════════════════════════════════════════════════════════════
    ── Failure ('test-generics.R:11:5'): we can plot objects created with the spacejamr package ──
    class(plot(RI)) (`actual`) not identical to c("gg", "ggplot") (`expected`).
    
    `actual`:        "ggplot2::ggplot" "ggplot" "ggplot2::gg" "S7_object" "gg"    
    `expected[2:2]`:                                                      "ggplot"
    ── Failure ('test-generics.R:14:5'): we can plot objects created with the spacejamr package ──
    class(plot(ri_points)) (`actual`) not identical to c("gg", "ggplot") (`expected`).
    
    `actual`:        "ggplot2::ggplot" "ggplot" "ggplot2::gg" "S7_object" "gg"    
    `expected[2:2]`:                                                      "ggplot"
    ── Failure ('test-generics.R:17:5'): we can plot objects created with the spacejamr package ──
    class(plot(pl)) (`actual`) not identical to c("ggraph", "gg", "ggplot") (`expected`).
    
        actual            | expected    
    [1] "ggraph"          - "gg"     [2]
    [2] "ggplot2::ggplot" -             
    [3] "ggplot"          -             
    [4] "ggplot2::gg"     -             
    [5] "S7_object"       -             
    [6] "gg"              - "ggplot" [3]
    
    [ FAIL 3 | WARN 3 | SKIP 0 | PASS 20 ]
    Error: Test failures
    Execution halted
Flavor: r-devel-linux-x86_64-debian-gcc
Version: 0.2.1
Check: tests
Result: ERROR
    Running ‘testthat.R’ [36s/78s]
  Running the tests in ‘tests/testthat.R’ failed.
  Complete output:
    > library(testthat)
    > library(spacejamr)
    > 
    > test_check("spacejamr")
        Density Mean Degree Mean Closeness Mean Betweenness Largest Component Size
    pl        0           0            NaN                0                      1
    apl       0           0            NaN                0                      1
        Density Mean Degree Mean Closeness Mean Betweenness Largest Component Size
    pl        0           0            NaN                0                      1
    apl       0           0            NaN                0                      1
    window: polygonal boundary
    enclosing rectangle: [257656.9, 323005.8] x [4558224, 4654702] units
    PointSim Object
    
    window: polygonal boundary
    enclosing rectangle: [257656.9, 323005.8] x [4558224, 4654702] units
    
    Points:3IGRAPH 21508d1 UN-- 3 0 -- 
    + attr: name (v/c)
    + edges from 21508d1 (vertex names):
    IGRAPH 21508d1 UN-- 3 0 -- 
    + attr: name (v/c)
    + edges from 21508d1 (vertex names):
    Using the projected CRS WGS 84 / UTM zone 19N which uses 'm' for measurement units. Please visit https://spatialreference.org/ref/epsg/32619/ for more information about this CRS.
    [ FAIL 3 | WARN 3 | SKIP 0 | PASS 20 ]
    
    ══ Failed tests ════════════════════════════════════════════════════════════════
    ── Failure ('test-generics.R:11:5'): we can plot objects created with the spacejamr package ──
    class(plot(RI)) (`actual`) not identical to c("gg", "ggplot") (`expected`).
    
    `actual`:        "ggplot2::ggplot" "ggplot" "ggplot2::gg" "S7_object" "gg"    
    `expected[2:2]`:                                                      "ggplot"
    ── Failure ('test-generics.R:14:5'): we can plot objects created with the spacejamr package ──
    class(plot(ri_points)) (`actual`) not identical to c("gg", "ggplot") (`expected`).
    
    `actual`:        "ggplot2::ggplot" "ggplot" "ggplot2::gg" "S7_object" "gg"    
    `expected[2:2]`:                                                      "ggplot"
    ── Failure ('test-generics.R:17:5'): we can plot objects created with the spacejamr package ──
    class(plot(pl)) (`actual`) not identical to c("ggraph", "gg", "ggplot") (`expected`).
    
        actual            | expected    
    [1] "ggraph"          - "gg"     [2]
    [2] "ggplot2::ggplot" -             
    [3] "ggplot"          -             
    [4] "ggplot2::gg"     -             
    [5] "S7_object"       -             
    [6] "gg"              - "ggplot" [3]
    
    [ FAIL 3 | WARN 3 | SKIP 0 | PASS 20 ]
    Error: Test failures
    Execution halted
Flavor: r-devel-linux-x86_64-fedora-clang
Version: 0.2.1
Check: tests
Result: ERROR
    Running ‘testthat.R’ [35s/45s]
  Running the tests in ‘tests/testthat.R’ failed.
  Complete output:
    > library(testthat)
    > library(spacejamr)
    > 
    > test_check("spacejamr")
        Density Mean Degree Mean Closeness Mean Betweenness Largest Component Size
    pl        0           0            NaN                0                      1
    apl       0           0            NaN                0                      1
        Density Mean Degree Mean Closeness Mean Betweenness Largest Component Size
    pl        0           0            NaN                0                      1
    apl       0           0            NaN                0                      1
    window: polygonal boundary
    enclosing rectangle: [257656.9, 323005.8] x [4558224, 4654702] units
    PointSim Object
    
    window: polygonal boundary
    enclosing rectangle: [257656.9, 323005.8] x [4558224, 4654702] units
    
    Points:3IGRAPH 84d5e40 UN-- 3 0 -- 
    + attr: name (v/c)
    + edges from 84d5e40 (vertex names):
    IGRAPH 84d5e40 UN-- 3 0 -- 
    + attr: name (v/c)
    + edges from 84d5e40 (vertex names):
    Using the projected CRS WGS 84 / UTM zone 19N which uses 'm' for measurement units. Please visit https://spatialreference.org/ref/epsg/32619/ for more information about this CRS.
    [ FAIL 3 | WARN 3 | SKIP 0 | PASS 20 ]
    
    ══ Failed tests ════════════════════════════════════════════════════════════════
    ── Failure ('test-generics.R:11:5'): we can plot objects created with the spacejamr package ──
    class(plot(RI)) (`actual`) not identical to c("gg", "ggplot") (`expected`).
    
    `actual`:        "ggplot2::ggplot" "ggplot" "ggplot2::gg" "S7_object" "gg"    
    `expected[2:2]`:                                                      "ggplot"
    ── Failure ('test-generics.R:14:5'): we can plot objects created with the spacejamr package ──
    class(plot(ri_points)) (`actual`) not identical to c("gg", "ggplot") (`expected`).
    
    `actual`:        "ggplot2::ggplot" "ggplot" "ggplot2::gg" "S7_object" "gg"    
    `expected[2:2]`:                                                      "ggplot"
    ── Failure ('test-generics.R:17:5'): we can plot objects created with the spacejamr package ──
    class(plot(pl)) (`actual`) not identical to c("ggraph", "gg", "ggplot") (`expected`).
    
        actual            | expected    
    [1] "ggraph"          - "gg"     [2]
    [2] "ggplot2::ggplot" -             
    [3] "ggplot"          -             
    [4] "ggplot2::gg"     -             
    [5] "S7_object"       -             
    [6] "gg"              - "ggplot" [3]
    
    [ FAIL 3 | WARN 3 | SKIP 0 | PASS 20 ]
    Error: Test failures
    Execution halted
Flavor: r-devel-linux-x86_64-fedora-gcc
Version: 0.2.1
Check: tests
Result: ERROR
    Running 'testthat.R' [18s]
  Running the tests in 'tests/testthat.R' failed.
  Complete output:
    > library(testthat)
    > library(spacejamr)
    > 
    > test_check("spacejamr")
        Density Mean Degree Mean Closeness Mean Betweenness Largest Component Size
    pl        0           0            NaN                0                      1
    apl       0           0            NaN                0                      1
        Density Mean Degree Mean Closeness Mean Betweenness Largest Component Size
    pl        0           0            NaN                0                      1
    apl       0           0            NaN                0                      1
    window: polygonal boundary
    enclosing rectangle: [257656.9, 323005.8] x [4558224, 4654702] units
    PointSim Object
    
    window: polygonal boundary
    enclosing rectangle: [257656.9, 323005.8] x [4558224, 4654702] units
    
    Points:3IGRAPH 2a50fad UN-- 3 0 -- 
    + attr: name (v/c)
    + edges from 2a50fad (vertex names):
    IGRAPH 2a50fad UN-- 3 0 -- 
    + attr: name (v/c)
    + edges from 2a50fad (vertex names):
    Using the projected CRS WGS 84 / UTM zone 19N which uses 'm' for measurement units. Please visit https://spatialreference.org/ref/epsg/32619/ for more information about this CRS.
    [ FAIL 3 | WARN 3 | SKIP 0 | PASS 20 ]
    
    ══ Failed tests ════════════════════════════════════════════════════════════════
    ── Failure ('test-generics.R:11:5'): we can plot objects created with the spacejamr package ──
    class(plot(RI)) (`actual`) not identical to c("gg", "ggplot") (`expected`).
    
    `actual`:        "ggplot2::ggplot" "ggplot" "ggplot2::gg" "S7_object" "gg"    
    `expected[2:2]`:                                                      "ggplot"
    ── Failure ('test-generics.R:14:5'): we can plot objects created with the spacejamr package ──
    class(plot(ri_points)) (`actual`) not identical to c("gg", "ggplot") (`expected`).
    
    `actual`:        "ggplot2::ggplot" "ggplot" "ggplot2::gg" "S7_object" "gg"    
    `expected[2:2]`:                                                      "ggplot"
    ── Failure ('test-generics.R:17:5'): we can plot objects created with the spacejamr package ──
    class(plot(pl)) (`actual`) not identical to c("ggraph", "gg", "ggplot") (`expected`).
    
        actual            | expected    
    [1] "ggraph"          - "gg"     [2]
    [2] "ggplot2::ggplot" -             
    [3] "ggplot"          -             
    [4] "ggplot2::gg"     -             
    [5] "S7_object"       -             
    [6] "gg"              - "ggplot" [3]
    
    [ FAIL 3 | WARN 3 | SKIP 0 | PASS 20 ]
    Error: Test failures
    Execution halted
Flavor: r-devel-windows-x86_64
Version: 0.2.1
Check: tests
Result: ERROR
    Running ‘testthat.R’ [22s/29s]
  Running the tests in ‘tests/testthat.R’ failed.
  Complete output:
    > library(testthat)
    > library(spacejamr)
    > 
    > test_check("spacejamr")
        Density Mean Degree Mean Closeness Mean Betweenness Largest Component Size
    pl        0           0            NaN                0                      1
    apl       0           0            NaN                0                      1
        Density Mean Degree Mean Closeness Mean Betweenness Largest Component Size
    pl        0           0            NaN                0                      1
    apl       0           0            NaN                0                      1
    window: polygonal boundary
    enclosing rectangle: [257656.9, 323005.8] x [4558224, 4654702] units
    PointSim Object
    
    window: polygonal boundary
    enclosing rectangle: [257656.9, 323005.8] x [4558224, 4654702] units
    
    Points:3IGRAPH 3daed33 UN-- 3 0 -- 
    + attr: name (v/c)
    + edges from 3daed33 (vertex names):
    IGRAPH 3daed33 UN-- 3 0 -- 
    + attr: name (v/c)
    + edges from 3daed33 (vertex names):
    Using the projected CRS WGS 84 / UTM zone 19N which uses 'm' for measurement units. Please visit https://spatialreference.org/ref/epsg/32619/ for more information about this CRS.
    [ FAIL 3 | WARN 3 | SKIP 0 | PASS 20 ]
    
    ══ Failed tests ════════════════════════════════════════════════════════════════
    ── Failure ('test-generics.R:11:5'): we can plot objects created with the spacejamr package ──
    class(plot(RI)) (`actual`) not identical to c("gg", "ggplot") (`expected`).
    
    `actual`:        "ggplot2::ggplot" "ggplot" "ggplot2::gg" "S7_object" "gg"    
    `expected[2:2]`:                                                      "ggplot"
    ── Failure ('test-generics.R:14:5'): we can plot objects created with the spacejamr package ──
    class(plot(ri_points)) (`actual`) not identical to c("gg", "ggplot") (`expected`).
    
    `actual`:        "ggplot2::ggplot" "ggplot" "ggplot2::gg" "S7_object" "gg"    
    `expected[2:2]`:                                                      "ggplot"
    ── Failure ('test-generics.R:17:5'): we can plot objects created with the spacejamr package ──
    class(plot(pl)) (`actual`) not identical to c("ggraph", "gg", "ggplot") (`expected`).
    
        actual            | expected    
    [1] "ggraph"          - "gg"     [2]
    [2] "ggplot2::ggplot" -             
    [3] "ggplot"          -             
    [4] "ggplot2::gg"     -             
    [5] "S7_object"       -             
    [6] "gg"              - "ggplot" [3]
    
    [ FAIL 3 | WARN 3 | SKIP 0 | PASS 20 ]
    Error: Test failures
    Execution halted
Flavor: r-patched-linux-x86_64
Version: 0.2.1
Check: tests
Result: ERROR
    Running ‘testthat.R’ [22s/29s]
  Running the tests in ‘tests/testthat.R’ failed.
  Complete output:
    > library(testthat)
    > library(spacejamr)
    > 
    > test_check("spacejamr")
        Density Mean Degree Mean Closeness Mean Betweenness Largest Component Size
    pl        0           0            NaN                0                      1
    apl       0           0            NaN                0                      1
        Density Mean Degree Mean Closeness Mean Betweenness Largest Component Size
    pl        0           0            NaN                0                      1
    apl       0           0            NaN                0                      1
    window: polygonal boundary
    enclosing rectangle: [257656.9, 323005.8] x [4558224, 4654702] units
    PointSim Object
    
    window: polygonal boundary
    enclosing rectangle: [257656.9, 323005.8] x [4558224, 4654702] units
    
    Points:3IGRAPH b3f0c3c UN-- 3 0 -- 
    + attr: name (v/c)
    + edges from b3f0c3c (vertex names):
    IGRAPH b3f0c3c UN-- 3 0 -- 
    + attr: name (v/c)
    + edges from b3f0c3c (vertex names):
    Using the projected CRS WGS 84 / UTM zone 19N which uses 'm' for measurement units. Please visit https://spatialreference.org/ref/epsg/32619/ for more information about this CRS.
    [ FAIL 3 | WARN 3 | SKIP 0 | PASS 20 ]
    
    ══ Failed tests ════════════════════════════════════════════════════════════════
    ── Failure ('test-generics.R:11:5'): we can plot objects created with the spacejamr package ──
    class(plot(RI)) (`actual`) not identical to c("gg", "ggplot") (`expected`).
    
    `actual`:        "ggplot2::ggplot" "ggplot" "ggplot2::gg" "S7_object" "gg"    
    `expected[2:2]`:                                                      "ggplot"
    ── Failure ('test-generics.R:14:5'): we can plot objects created with the spacejamr package ──
    class(plot(ri_points)) (`actual`) not identical to c("gg", "ggplot") (`expected`).
    
    `actual`:        "ggplot2::ggplot" "ggplot" "ggplot2::gg" "S7_object" "gg"    
    `expected[2:2]`:                                                      "ggplot"
    ── Failure ('test-generics.R:17:5'): we can plot objects created with the spacejamr package ──
    class(plot(pl)) (`actual`) not identical to c("ggraph", "gg", "ggplot") (`expected`).
    
        actual            | expected    
    [1] "ggraph"          - "gg"     [2]
    [2] "ggplot2::ggplot" -             
    [3] "ggplot"          -             
    [4] "ggplot2::gg"     -             
    [5] "S7_object"       -             
    [6] "gg"              - "ggplot" [3]
    
    [ FAIL 3 | WARN 3 | SKIP 0 | PASS 20 ]
    Error: Test failures
    Execution halted
Flavor: r-release-linux-x86_64
Version: 0.2.1
Check: tests
Result: ERROR
    Running 'testthat.R' [18s]
  Running the tests in 'tests/testthat.R' failed.
  Complete output:
    > library(testthat)
    > library(spacejamr)
    > 
    > test_check("spacejamr")
        Density Mean Degree Mean Closeness Mean Betweenness Largest Component Size
    pl        0           0            NaN                0                      1
    apl       0           0            NaN                0                      1
        Density Mean Degree Mean Closeness Mean Betweenness Largest Component Size
    pl        0           0            NaN                0                      1
    apl       0           0            NaN                0                      1
    window: polygonal boundary
    enclosing rectangle: [257656.9, 323005.8] x [4558224, 4654702] units
    PointSim Object
    
    window: polygonal boundary
    enclosing rectangle: [257656.9, 323005.8] x [4558224, 4654702] units
    
    Points:3IGRAPH 357b114 UN-- 3 0 -- 
    + attr: name (v/c)
    + edges from 357b114 (vertex names):
    IGRAPH 357b114 UN-- 3 0 -- 
    + attr: name (v/c)
    + edges from 357b114 (vertex names):
    Using the projected CRS WGS 84 / UTM zone 19N which uses 'm' for measurement units. Please visit https://spatialreference.org/ref/epsg/32619/ for more information about this CRS.
    [ FAIL 3 | WARN 3 | SKIP 0 | PASS 20 ]
    
    ══ Failed tests ════════════════════════════════════════════════════════════════
    ── Failure ('test-generics.R:11:5'): we can plot objects created with the spacejamr package ──
    class(plot(RI)) (`actual`) not identical to c("gg", "ggplot") (`expected`).
    
    `actual`:        "ggplot2::ggplot" "ggplot" "ggplot2::gg" "S7_object" "gg"    
    `expected[2:2]`:                                                      "ggplot"
    ── Failure ('test-generics.R:14:5'): we can plot objects created with the spacejamr package ──
    class(plot(ri_points)) (`actual`) not identical to c("gg", "ggplot") (`expected`).
    
    `actual`:        "ggplot2::ggplot" "ggplot" "ggplot2::gg" "S7_object" "gg"    
    `expected[2:2]`:                                                      "ggplot"
    ── Failure ('test-generics.R:17:5'): we can plot objects created with the spacejamr package ──
    class(plot(pl)) (`actual`) not identical to c("ggraph", "gg", "ggplot") (`expected`).
    
        actual            | expected    
    [1] "ggraph"          - "gg"     [2]
    [2] "ggplot2::ggplot" -             
    [3] "ggplot"          -             
    [4] "ggplot2::gg"     -             
    [5] "S7_object"       -             
    [6] "gg"              - "ggplot" [3]
    
    [ FAIL 3 | WARN 3 | SKIP 0 | PASS 20 ]
    Error: Test failures
    Execution halted
Flavor: r-release-windows-x86_64
Version: 0.2.1
Check: tests
Result: ERROR
    Running 'testthat.R' [26s]
  Running the tests in 'tests/testthat.R' failed.
  Complete output:
    > library(testthat)
    > library(spacejamr)
    > 
    > test_check("spacejamr")
        Density Mean Degree Mean Closeness Mean Betweenness Largest Component Size
    pl        0           0            NaN                0                      1
    apl       0           0            NaN                0                      1
        Density Mean Degree Mean Closeness Mean Betweenness Largest Component Size
    pl        0           0            NaN                0                      1
    apl       0           0            NaN                0                      1
    window: polygonal boundary
    enclosing rectangle: [257656.9, 323005.8] x [4558224, 4654702] units
    PointSim Object
    
    window: polygonal boundary
    enclosing rectangle: [257656.9, 323005.8] x [4558224, 4654702] units
    
    Points:3IGRAPH 96aa337 UN-- 3 0 -- 
    + attr: name (v/c)
    + edges from 96aa337 (vertex names):
    IGRAPH 96aa337 UN-- 3 0 -- 
    + attr: name (v/c)
    + edges from 96aa337 (vertex names):
    Using the projected CRS WGS 84 / UTM zone 19N which uses 'm' for measurement units. Please visit https://spatialreference.org/ref/epsg/32619/ for more information about this CRS.
    [ FAIL 3 | WARN 3 | SKIP 0 | PASS 20 ]
    
    ══ Failed tests ════════════════════════════════════════════════════════════════
    ── Failure ('test-generics.R:11:5'): we can plot objects created with the spacejamr package ──
    class(plot(RI)) (`actual`) not identical to c("gg", "ggplot") (`expected`).
    
    `actual`:        "ggplot2::ggplot" "ggplot" "ggplot2::gg" "S7_object" "gg"    
    `expected[2:2]`:                                                      "ggplot"
    ── Failure ('test-generics.R:14:5'): we can plot objects created with the spacejamr package ──
    class(plot(ri_points)) (`actual`) not identical to c("gg", "ggplot") (`expected`).
    
    `actual`:        "ggplot2::ggplot" "ggplot" "ggplot2::gg" "S7_object" "gg"    
    `expected[2:2]`:                                                      "ggplot"
    ── Failure ('test-generics.R:17:5'): we can plot objects created with the spacejamr package ──
    class(plot(pl)) (`actual`) not identical to c("ggraph", "gg", "ggplot") (`expected`).
    
        actual            | expected    
    [1] "ggraph"          - "gg"     [2]
    [2] "ggplot2::ggplot" -             
    [3] "ggplot"          -             
    [4] "ggplot2::gg"     -             
    [5] "S7_object"       -             
    [6] "gg"              - "ggplot" [3]
    
    [ FAIL 3 | WARN 3 | SKIP 0 | PASS 20 ]
    Error: Test failures
    Execution halted
Flavor: r-oldrel-windows-x86_64