Last updated on 2024-08-17 02:48:28 CEST.
Flavor | Version | Tinstall | Tcheck | Ttotal | Status | Flags |
---|---|---|---|---|---|---|
r-devel-linux-x86_64-debian-clang | 0.7.6 | 140.91 | 301.40 | 442.31 | OK | |
r-devel-linux-x86_64-debian-gcc | 0.7.6 | 86.14 | 186.58 | 272.72 | OK | |
r-devel-linux-x86_64-fedora-clang | 0.7.6 | 740.05 | OK | |||
r-devel-linux-x86_64-fedora-gcc | 0.7.6 | 693.49 | OK | |||
r-devel-windows-x86_64 | 0.7.6 | 135.00 | 302.00 | 437.00 | OK | |
r-patched-linux-x86_64 | 0.7.6 | 138.16 | 277.51 | 415.67 | OK | |
r-release-linux-x86_64 | 0.7.6 | 130.34 | 281.09 | 411.43 | OK | |
r-release-macos-arm64 | 0.7.6 | 130.00 | NOTE | |||
r-release-macos-x86_64 | 0.7.6 | 203.00 | NOTE | |||
r-release-windows-x86_64 | 0.7.6 | 137.00 | 302.00 | 439.00 | OK | |
r-oldrel-macos-arm64 | 0.7.6 | 159.00 | NOTE | |||
r-oldrel-macos-x86_64 | 0.7.6 | 227.00 | NOTE | |||
r-oldrel-windows-x86_64 | 0.7.6 | 166.00 | 393.00 | 559.00 | OK |
Version: 0.7.6
Check: installed package size
Result: NOTE
installed size is 6.1Mb
sub-directories of 1Mb or more:
R 2.0Mb
libs 2.9Mb
Flavors: r-release-macos-arm64, r-release-macos-x86_64, r-oldrel-macos-arm64, r-oldrel-macos-x86_64