Last updated on 2024-06-14 00:53:59 CEST.
Flavor | Version | Tinstall | Tcheck | Ttotal | Status | Flags |
---|---|---|---|---|---|---|
r-devel-linux-x86_64-debian-clang | 0.0.9.2 | 9.64 | 65.90 | 75.54 | OK | |
r-devel-linux-x86_64-debian-gcc | 0.0.9.2 | 0.37 | 1.80 | 2.17 | ERROR | |
r-devel-linux-x86_64-fedora-clang | 0.0.9.2 | 92.94 | NOTE | |||
r-devel-linux-x86_64-fedora-gcc | 0.0.9.2 | 100.38 | NOTE | |||
r-devel-windows-x86_64 | 0.0.9.2 | 9.00 | 68.00 | 77.00 | OK | |
r-patched-linux-x86_64 | 0.0.9.2 | 7.67 | 63.70 | 71.37 | OK | |
r-release-linux-x86_64 | 0.0.9.2 | 5.83 | 62.97 | 68.80 | OK | |
r-release-macos-arm64 | 0.0.9.2 | 34.00 | OK | |||
r-release-macos-x86_64 | 0.0.9.2 | 51.00 | OK | |||
r-release-windows-x86_64 | 0.0.9.2 | 8.00 | 68.00 | 76.00 | OK | |
r-oldrel-macos-arm64 | 0.0.9.2 | 35.00 | OK | |||
r-oldrel-macos-x86_64 | 0.0.9.2 | 51.00 | OK | |||
r-oldrel-windows-x86_64 | 0.0.9.2 | 10.00 | 75.00 | 85.00 | OK |
Version: 0.0.9.2
Check: package dependencies
Result: ERROR
Packages required but not available:
'dplyr', 'dbplyr', 'RSQLite', 'shinyFiles', 'keras'
See section ‘The DESCRIPTION file’ in the ‘Writing R Extensions’
manual.
Flavor: r-devel-linux-x86_64-debian-gcc
Version: 0.0.9.2
Check: dependencies in R code
Result: NOTE
Namespaces in Imports field not imported from:
‘RSQLite’ ‘dbplyr’
All declared Imports should be used.
Flavors: r-devel-linux-x86_64-fedora-clang, r-devel-linux-x86_64-fedora-gcc