Last updated on 2025-07-04 00:50:19 CEST.
Flavor | Version | Tinstall | Tcheck | Ttotal | Status | Flags |
---|---|---|---|---|---|---|
r-devel-linux-x86_64-debian-clang | 1.4 | 1.79 | 18.55 | 20.34 | NOTE | |
r-devel-linux-x86_64-debian-gcc | 1.4 | 1.45 | 15.28 | 16.73 | NOTE | |
r-devel-linux-x86_64-fedora-clang | 1.4 | 32.57 | OK | |||
r-devel-linux-x86_64-fedora-gcc | 1.4 | 30.20 | OK | |||
r-devel-windows-x86_64 | 1.4 | 2.00 | 41.00 | 43.00 | OK | |
r-patched-linux-x86_64 | 1.4 | 1.95 | 17.47 | 19.42 | OK | |
r-release-linux-x86_64 | 1.4 | 1.77 | 17.28 | 19.05 | OK | |
r-release-macos-arm64 | 1.4 | 18.00 | OK | |||
r-release-macos-x86_64 | 1.4 | 26.00 | OK | |||
r-release-windows-x86_64 | 1.4 | 2.00 | 41.00 | 43.00 | OK | |
r-oldrel-macos-arm64 | 1.4 | 15.00 | OK | |||
r-oldrel-macos-x86_64 | 1.4 | 23.00 | OK | |||
r-oldrel-windows-x86_64 | 1.4 | 3.00 | 43.00 | 46.00 | OK |
Version: 1.4
Check: CRAN incoming feasibility
Result: NOTE
Maintainer: ‘Hyunseung Kang <hyunseung@stat.wisc.edu>’
No Authors@R field in DESCRIPTION.
Please add one, modifying
Authors@R: person(given = "Hyunseung",
family = "Kang",
role = c("aut", "cre"),
email = "hyunseung@stat.wisc.edu")
as necessary.
Flavors: r-devel-linux-x86_64-debian-clang, r-devel-linux-x86_64-debian-gcc