Last updated on 2025-11-03 12:50:04 CET.
| Flavor | Version | Tinstall | Tcheck | Ttotal | Status | Flags | 
|---|---|---|---|---|---|---|
| r-devel-linux-x86_64-debian-clang | 1.1.42 | 8.66 | 64.16 | 72.82 | NOTE | |
| r-devel-linux-x86_64-debian-gcc | 1.1.42 | 6.23 | 46.99 | 53.22 | NOTE | |
| r-devel-linux-x86_64-fedora-clang | 1.1.42 | 16.00 | 95.20 | 111.20 | OK | |
| r-devel-linux-x86_64-fedora-gcc | 1.1.42 | 17.00 | 86.67 | 103.67 | OK | |
| r-devel-windows-x86_64 | 1.1.42 | 9.00 | 77.00 | 86.00 | OK | |
| r-patched-linux-x86_64 | 1.1.42 | 8.03 | 60.96 | 68.99 | OK | |
| r-release-linux-x86_64 | 1.1.42 | 8.51 | 60.71 | 69.22 | OK | |
| r-release-macos-arm64 | 1.1.42 | 5.00 | 31.00 | 36.00 | OK | |
| r-release-macos-x86_64 | 1.1.42 | 9.00 | 54.00 | 63.00 | OK | |
| r-release-windows-x86_64 | 1.1.42 | 9.00 | 74.00 | 83.00 | OK | |
| r-oldrel-macos-arm64 | 1.1.42 | 4.00 | 28.00 | 32.00 | OK | |
| r-oldrel-macos-x86_64 | 1.1.42 | 6.00 | 43.00 | 49.00 | OK | |
| r-oldrel-windows-x86_64 | 1.1.42 | 12.00 | 90.00 | 102.00 | OK | 
Version: 1.1.42
Check: CRAN incoming feasibility
Result: NOTE
  Maintainer: ‘Holger Reulen <hreulen@uni-goettingen.de>’
  
  No Authors@R field in DESCRIPTION.
  Please add one, modifying
    Authors@R: person(given = "Holger",
                      family = "Reulen",
                      role = c("aut", "cre"),
                      email = "hreulen@uni-goettingen.de")
  as necessary.
Flavors: r-devel-linux-x86_64-debian-clang, r-devel-linux-x86_64-debian-gcc