Last updated on 2025-11-03 12:50:04 CET.
| Flavor | Version | Tinstall | Tcheck | Ttotal | Status | Flags | 
|---|---|---|---|---|---|---|
| r-devel-linux-x86_64-debian-clang | 2.3.1 | 38.21 | 244.28 | 282.49 | NOTE | |
| r-devel-linux-x86_64-debian-gcc | 2.3.1 | 25.50 | 162.32 | 187.82 | NOTE | |
| r-devel-linux-x86_64-fedora-clang | 2.3.1 | 192.00 | 275.67 | 467.67 | NOTE | |
| r-devel-linux-x86_64-fedora-gcc | 2.3.1 | 66.00 | 356.31 | 422.31 | NOTE | |
| r-devel-windows-x86_64 | 2.3.1 | 45.00 | 255.00 | 300.00 | NOTE | |
| r-patched-linux-x86_64 | 2.3.1 | 35.19 | 217.50 | 252.69 | NOTE | |
| r-release-linux-x86_64 | 2.3.1 | 36.14 | 224.43 | 260.57 | NOTE | |
| r-release-macos-arm64 | 2.3.1 | 16.00 | 88.00 | 104.00 | NOTE | |
| r-release-macos-x86_64 | 2.3.1 | 27.00 | 162.00 | 189.00 | NOTE | |
| r-release-windows-x86_64 | 2.3.1 | 48.00 | 246.00 | 294.00 | NOTE | |
| r-oldrel-macos-arm64 | 2.3.1 | 14.00 | 53.00 | 67.00 | NOTE | |
| r-oldrel-macos-x86_64 | 2.3.1 | 23.00 | 128.00 | 151.00 | NOTE | |
| r-oldrel-windows-x86_64 | 2.3.1 | 58.00 | 336.00 | 394.00 | NOTE | 
Version: 2.3.1
Check: DESCRIPTION meta-information
Result: NOTE
    Missing dependency on R >= 4.1.0 because package code uses the pipe
    |> or function shorthand \(...) syntax added in R 4.1.0.
    File(s) using such syntax:
      ‘show_group_enrichment.R’
Flavors: r-devel-linux-x86_64-debian-clang, r-devel-linux-x86_64-debian-gcc, r-devel-linux-x86_64-fedora-clang, r-devel-linux-x86_64-fedora-gcc, r-devel-windows-x86_64, r-patched-linux-x86_64, r-release-linux-x86_64, r-release-macos-arm64, r-release-macos-x86_64, r-release-windows-x86_64
Version: 2.3.1
Check: package dependencies
Result: NOTE
  Package suggested but not available for checking: ‘BSgenome.Hsapiens.UCSC.hg19’
Flavors: r-oldrel-macos-arm64, r-oldrel-macos-x86_64
Version: 2.3.1
Check: installed package size
Result: NOTE
    installed size is  6.0Mb
    sub-directories of 1Mb or more:
      extdata   1.0Mb
      help      1.7Mb
Flavors: r-oldrel-macos-arm64, r-oldrel-macos-x86_64, r-oldrel-windows-x86_64