Last updated on 2024-06-14 13:56:32 CEST.
Flavor | Version | Tinstall | Tcheck | Ttotal | Status | Flags |
---|---|---|---|---|---|---|
r-devel-linux-x86_64-debian-clang | 4.1.0 | 15.76 | 98.12 | 113.88 | NOTE | |
r-devel-linux-x86_64-debian-gcc | 4.1.0 | 10.79 | 71.75 | 82.54 | NOTE | |
r-devel-linux-x86_64-fedora-clang | 4.1.0 | 140.78 | NOTE | |||
r-devel-linux-x86_64-fedora-gcc | 4.1.0 | 132.25 | NOTE | |||
r-devel-windows-x86_64 | 4.1.0 | 13.00 | 99.00 | 112.00 | NOTE | |
r-patched-linux-x86_64 | 4.1.0 | 18.80 | 94.99 | 113.79 | NOTE | |
r-release-linux-x86_64 | 4.1.0 | 8.99 | 93.28 | 102.27 | NOTE | |
r-release-macos-arm64 | 4.1.0 | 39.00 | NOTE | |||
r-release-macos-x86_64 | 4.1.0 | 61.00 | NOTE | |||
r-release-windows-x86_64 | 4.1.0 | 16.00 | 99.00 | 115.00 | NOTE | |
r-oldrel-macos-arm64 | 4.1.0 | 41.00 | OK | |||
r-oldrel-macos-x86_64 | 4.1.0 | 67.00 | OK | |||
r-oldrel-windows-x86_64 | 4.1.0 | 17.00 | 117.00 | 134.00 | OK |
Version: 4.1.0
Check: Rd files
Result: NOTE
checkRd: (-1) pop.dist.Rd:41: Lost braces; missing escapes or markup?
41 | where \emph{dist(i,j)} represents the distance between populations \emph{i} and \emph{j}, \emph{m} and \emph{n} are the number of sequences in populations \emph{i} and \emph{j}, respectively, and \emph{dist(H_{ki},H_{lj})} is the distance between the \emph{k-th} sequence found in population \emph{i} and the \emph{l-th} sequence found in population \emph{j}.
| ^
checkRd: (-1) pop.dist.Rd:41: Lost braces; missing escapes or markup?
41 | where \emph{dist(i,j)} represents the distance between populations \emph{i} and \emph{j}, \emph{m} and \emph{n} are the number of sequences in populations \emph{i} and \emph{j}, respectively, and \emph{dist(H_{ki},H_{lj})} is the distance between the \emph{k-th} sequence found in population \emph{i} and the \emph{l-th} sequence found in population \emph{j}.
| ^
Flavors: r-devel-linux-x86_64-debian-clang, r-devel-linux-x86_64-debian-gcc, r-devel-linux-x86_64-fedora-clang, r-devel-linux-x86_64-fedora-gcc, r-devel-windows-x86_64, r-patched-linux-x86_64, r-release-linux-x86_64, r-release-macos-arm64, r-release-macos-x86_64, r-release-windows-x86_64