Last updated on 2024-07-18 01:55:43 CEST.
Flavor | Version | Tinstall | Tcheck | Ttotal | Status | Flags |
---|---|---|---|---|---|---|
r-devel-linux-x86_64-debian-clang | 0.2.0 | 90.94 | 46.29 | 137.23 | NOTE | |
r-devel-linux-x86_64-debian-gcc | 0.2.0 | 64.30 | 33.61 | 97.91 | NOTE | |
r-devel-linux-x86_64-fedora-clang | 0.2.0 | 193.23 | NOTE | |||
r-devel-linux-x86_64-fedora-gcc | 0.2.0 | 209.87 | NOTE | |||
r-devel-windows-x86_64 | 0.2.0 | 73.00 | 75.00 | 148.00 | NOTE | |
r-patched-linux-x86_64 | 0.2.0 | 88.46 | 41.91 | 130.37 | NOTE | |
r-release-linux-x86_64 | 0.2.0 | 77.19 | 42.95 | 120.14 | NOTE | |
r-release-macos-arm64 | 0.2.0 | 39.00 | NOTE | |||
r-release-macos-x86_64 | 0.2.0 | 48.00 | NOTE | |||
r-release-windows-x86_64 | 0.2.0 | 73.00 | 76.00 | 149.00 | NOTE | |
r-oldrel-macos-arm64 | 0.2.0 | 51.00 | NOTE | |||
r-oldrel-macos-x86_64 | 0.2.0 | 80.00 | NOTE | |||
r-oldrel-windows-x86_64 | 0.2.0 | 91.00 | 84.00 | 175.00 | NOTE |
Version: 0.2.0
Check: C++ specification
Result: NOTE
Specified C++11: please drop specification unless essential
Flavors: r-devel-linux-x86_64-debian-clang, r-devel-linux-x86_64-debian-gcc, r-devel-linux-x86_64-fedora-clang, r-devel-linux-x86_64-fedora-gcc, r-devel-windows-x86_64, r-patched-linux-x86_64, r-release-linux-x86_64, r-release-macos-arm64, r-release-macos-x86_64, r-release-windows-x86_64, r-oldrel-macos-arm64, r-oldrel-macos-x86_64, r-oldrel-windows-x86_64
Version: 0.2.0
Check: Rd cross-references
Result: NOTE
Found the following Rd file(s) with Rd \link{} targets missing package
anchors:
shrinkDSM.Rd: shrinkTVP
Please provide package anchors for all Rd \link{} targets not in the
package itself and the base packages.
Flavor: r-devel-windows-x86_64
Version: 0.2.0
Check: installed package size
Result: NOTE
installed size is 5.1Mb
sub-directories of 1Mb or more:
libs 4.9Mb
Flavors: r-release-macos-arm64, r-release-macos-x86_64, r-oldrel-macos-arm64, r-oldrel-macos-x86_64